{"id":1738,"date":"2025-05-06T19:28:22","date_gmt":"2025-05-06T19:28:22","guid":{"rendered":"https:\/\/dermcenter.com.br\/?page_id=1738"},"modified":"2025-08-21T18:41:22","modified_gmt":"2025-08-21T18:41:22","slug":"estetica-facial-e-corporal","status":"publish","type":"page","link":"https:\/\/dermcenter.com.br\/?page_id=1738","title":{"rendered":"Est\u00e9tica Facial e Corporal"},"content":{"rendered":"\t\t<div data-elementor-type=\"wp-page\" data-elementor-id=\"1738\" class=\"elementor elementor-1738\" data-elementor-post-type=\"page\">\n\t\t\t\t<div class=\"elementor-element elementor-element-7b53983 e-con-full e-flex e-con e-parent\" data-id=\"7b53983\" data-element_type=\"container\" id=\"topo\" data-settings=\"{&quot;background_background&quot;:&quot;classic&quot;}\">\n\t\t\t\t<div class=\"elementor-element elementor-element-1d031af elementor-widget__width-initial elementor-widget elementor-widget-heading\" data-id=\"1d031af\" data-element_type=\"widget\" data-widget_type=\"heading.default\">\n\t\t\t\t<div class=\"elementor-widget-container\">\n\t\t\t\t\t<h2 class=\"elementor-heading-title elementor-size-default\">Est\u00e9tica Facial e Corporal<\/h2>\t\t\t\t<\/div>\n\t\t\t\t<\/div>\n\t\t\t\t<\/div>\n\t\t<div class=\"elementor-element elementor-element-9c2ffb9 e-con-full e-flex e-con e-parent\" data-id=\"9c2ffb9\" data-element_type=\"container\" data-settings=\"{&quot;background_background&quot;:&quot;classic&quot;}\">\n\t\t<div class=\"elementor-element elementor-element-a8876cd e-grid e-con-full elementor-invisible e-con e-child\" data-id=\"a8876cd\" data-element_type=\"container\" data-settings=\"{&quot;background_background&quot;:&quot;classic&quot;,&quot;animation&quot;:&quot;fadeInDown&quot;}\">\n\t\t\t\t<div class=\"elementor-element elementor-element-ec9f42c elementor-widget elementor-widget-text-editor\" data-id=\"ec9f42c\" data-element_type=\"widget\" data-widget_type=\"text-editor.default\">\n\t\t\t\t<div class=\"elementor-widget-container\">\n\t\t\t\t\t\t\t\t\t<p><strong data-start=\"0\" data-end=\"23\">Est\u00e9tica facial e corporal<\/strong> \u00e9 a \u00e1rea dedicada a tratamentos voltados para a beleza, bem-estar e cuidados com a pele, sem o uso de procedimentos invasivos ou com finalidade m\u00e9dica. Envolve t\u00e9cnicas como limpeza de pele, massagem, depila\u00e7\u00e3o, design de sobrancelhas e tratamentos corporais, sempre realizados por profissionais da \u00e1rea da est\u00e9tica, com foco na valoriza\u00e7\u00e3o da apar\u00eancia e autoestima.<\/p>\t\t\t\t\t\t\t\t<\/div>\n\t\t\t\t<\/div>\n\t\t\t\t<\/div>\n\t\t<div class=\"elementor-element elementor-element-d4a98ab e-grid e-con-full animated-slow elementor-invisible e-con e-child\" data-id=\"d4a98ab\" data-element_type=\"container\" data-settings=\"{&quot;animation&quot;:&quot;fadeIn&quot;,&quot;animation_delay&quot;:400}\">\n\t\t<div class=\"elementor-element elementor-element-d74ab90 e-flex e-con-boxed e-con e-child\" data-id=\"d74ab90\" data-element_type=\"container\">\n\t\t\t\t\t<div class=\"e-con-inner\">\n\t\t\t\t<div class=\"elementor-element elementor-element-2981e57 elementor-widget elementor-widget-image\" data-id=\"2981e57\" data-element_type=\"widget\" data-widget_type=\"image.default\">\n\t\t\t\t<div class=\"elementor-widget-container\">\n\t\t\t\t\t\t\t\t\t\t\t\t\t\t\t\t<a href=\"https:\/\/dermcenter.com.br\/estetica-facial\/\">\n\t\t\t\t\t\t\t<img loading=\"lazy\" decoding=\"async\" width=\"768\" height=\"576\" src=\"https:\/\/dermcenter.com.br\/wp-content\/uploads\/2025\/05\/dermcenter-estetica-nao-medica-estetica-facial.jpg\" class=\"elementor-animation-grow attachment-full size-full wp-image-1708\" alt=\"\" srcset=\"https:\/\/dermcenter.com.br\/wp-content\/uploads\/2025\/05\/dermcenter-estetica-nao-medica-estetica-facial.jpg 768w, https:\/\/dermcenter.com.br\/wp-content\/uploads\/2025\/05\/dermcenter-estetica-nao-medica-estetica-facial-300x225.jpg 300w\" sizes=\"auto, (max-width: 768px) 100vw, 768px\" \/>\t\t\t\t\t\t\t\t<\/a>\n\t\t\t\t\t\t\t\t\t\t\t\t\t\t\t<\/div>\n\t\t\t\t<\/div>\n\t\t\t\t<div class=\"elementor-element elementor-element-d747a24 elementor-widget__width-initial elementor-widget elementor-widget-heading\" data-id=\"d747a24\" data-element_type=\"widget\" data-widget_type=\"heading.default\">\n\t\t\t\t<div class=\"elementor-widget-container\">\n\t\t\t\t\t<h2 class=\"elementor-heading-title elementor-size-default\"><a href=\"https:\/\/dermcenter.com.br\/estetica-facial\/\">Est\u00e9tica Facial<\/a><\/h2>\t\t\t\t<\/div>\n\t\t\t\t<\/div>\n\t\t\t\t\t<\/div>\n\t\t\t\t<\/div>\n\t\t<div class=\"elementor-element elementor-element-ff2d662 e-flex e-con-boxed e-con e-child\" data-id=\"ff2d662\" data-element_type=\"container\">\n\t\t\t\t\t<div class=\"e-con-inner\">\n\t\t\t\t<div class=\"elementor-element elementor-element-08d4315 elementor-widget elementor-widget-image\" data-id=\"08d4315\" data-element_type=\"widget\" data-widget_type=\"image.default\">\n\t\t\t\t<div class=\"elementor-widget-container\">\n\t\t\t\t\t\t\t\t\t\t\t\t\t\t\t\t<a href=\"https:\/\/dermcenter.com.br\/estetica-corporal\/\">\n\t\t\t\t\t\t\t<img loading=\"lazy\" decoding=\"async\" width=\"768\" height=\"576\" src=\"https:\/\/dermcenter.com.br\/wp-content\/uploads\/2025\/05\/dermcenter-estetica-nao-medica-relaxamento-e-bem-estar.jpg\" class=\"elementor-animation-grow attachment-full size-full wp-image-1734\" alt=\"\" srcset=\"https:\/\/dermcenter.com.br\/wp-content\/uploads\/2025\/05\/dermcenter-estetica-nao-medica-relaxamento-e-bem-estar.jpg 768w, https:\/\/dermcenter.com.br\/wp-content\/uploads\/2025\/05\/dermcenter-estetica-nao-medica-relaxamento-e-bem-estar-300x225.jpg 300w\" sizes=\"auto, (max-width: 768px) 100vw, 768px\" \/>\t\t\t\t\t\t\t\t<\/a>\n\t\t\t\t\t\t\t\t\t\t\t\t\t\t\t<\/div>\n\t\t\t\t<\/div>\n\t\t\t\t<div class=\"elementor-element elementor-element-cbe7b10 elementor-widget__width-initial elementor-widget elementor-widget-heading\" data-id=\"cbe7b10\" data-element_type=\"widget\" data-widget_type=\"heading.default\">\n\t\t\t\t<div class=\"elementor-widget-container\">\n\t\t\t\t\t<h2 class=\"elementor-heading-title elementor-size-default\"><a href=\"https:\/\/dermcenter.com.br\/estetica-corporal\/\">Est\u00e9tica Corporal<\/a><\/h2>\t\t\t\t<\/div>\n\t\t\t\t<\/div>\n\t\t\t\t\t<\/div>\n\t\t\t\t<\/div>\n\t\t<div class=\"elementor-element elementor-element-c9631fa e-flex e-con-boxed e-con e-child\" data-id=\"c9631fa\" data-element_type=\"container\">\n\t\t\t\t\t<div class=\"e-con-inner\">\n\t\t\t\t<div class=\"elementor-element elementor-element-644d4d3 elementor-widget elementor-widget-image\" data-id=\"644d4d3\" data-element_type=\"widget\" data-widget_type=\"image.default\">\n\t\t\t\t<div class=\"elementor-widget-container\">\n\t\t\t\t\t\t\t\t\t\t\t\t\t\t\t\t<a href=\"https:\/\/dermcenter.com.br\/relaxamento-e-bem-estar\/\">\n\t\t\t\t\t\t\t<img loading=\"lazy\" decoding=\"async\" width=\"768\" height=\"576\" src=\"https:\/\/dermcenter.com.br\/wp-content\/uploads\/2025\/05\/dermcenter-estetica-nao-medica-relaxamento-e-bem-estar-1.jpg\" class=\"elementor-animation-grow attachment-full size-full wp-image-1742\" alt=\"\" srcset=\"https:\/\/dermcenter.com.br\/wp-content\/uploads\/2025\/05\/dermcenter-estetica-nao-medica-relaxamento-e-bem-estar-1.jpg 768w, https:\/\/dermcenter.com.br\/wp-content\/uploads\/2025\/05\/dermcenter-estetica-nao-medica-relaxamento-e-bem-estar-1-300x225.jpg 300w\" sizes=\"auto, (max-width: 768px) 100vw, 768px\" \/>\t\t\t\t\t\t\t\t<\/a>\n\t\t\t\t\t\t\t\t\t\t\t\t\t\t\t<\/div>\n\t\t\t\t<\/div>\n\t\t\t\t<div class=\"elementor-element elementor-element-96c4547 elementor-widget__width-initial elementor-widget elementor-widget-heading\" data-id=\"96c4547\" data-element_type=\"widget\" data-widget_type=\"heading.default\">\n\t\t\t\t<div class=\"elementor-widget-container\">\n\t\t\t\t\t<h2 class=\"elementor-heading-title elementor-size-default\"><a href=\"https:\/\/dermcenter.com.br\/relaxamento-e-bem-estar\/\">Doen\u00e7as de unha<\/a><\/h2>\t\t\t\t<\/div>\n\t\t\t\t<\/div>\n\t\t\t\t\t<\/div>\n\t\t\t\t<\/div>\n\t\t\t\t<\/div>\n\t\t\t\t<\/div>\n\t\t\t\t<\/div>\n\t\t","protected":false},"excerpt":{"rendered":"<p>Est\u00e9tica Facial e Corporal Est\u00e9tica facial e corporal \u00e9 a \u00e1rea dedicada a tratamentos voltados para a beleza, bem-estar e cuidados com a pele, sem o uso de procedimentos invasivos ou com finalidade m\u00e9dica. Envolve t\u00e9cnicas como limpeza de pele, massagem, depila\u00e7\u00e3o, design de sobrancelhas e tratamentos corporais, sempre realizados por profissionais da \u00e1rea da [&hellip;]<\/p>\n","protected":false},"author":1,"featured_media":0,"parent":0,"menu_order":0,"comment_status":"closed","ping_status":"closed","template":"elementor_canvas","meta":{"footnotes":""},"class_list":["post-1738","page","type-page","status-publish","hentry"],"_links":{"self":[{"href":"https:\/\/dermcenter.com.br\/index.php?rest_route=\/wp\/v2\/pages\/1738","targetHints":{"allow":["GET"]}}],"collection":[{"href":"https:\/\/dermcenter.com.br\/index.php?rest_route=\/wp\/v2\/pages"}],"about":[{"href":"https:\/\/dermcenter.com.br\/index.php?rest_route=\/wp\/v2\/types\/page"}],"author":[{"embeddable":true,"href":"https:\/\/dermcenter.com.br\/index.php?rest_route=\/wp\/v2\/users\/1"}],"replies":[{"embeddable":true,"href":"https:\/\/dermcenter.com.br\/index.php?rest_route=%2Fwp%2Fv2%2Fcomments&post=1738"}],"version-history":[{"count":11,"href":"https:\/\/dermcenter.com.br\/index.php?rest_route=\/wp\/v2\/pages\/1738\/revisions"}],"predecessor-version":[{"id":1816,"href":"https:\/\/dermcenter.com.br\/index.php?rest_route=\/wp\/v2\/pages\/1738\/revisions\/1816"}],"wp:attachment":[{"href":"https:\/\/dermcenter.com.br\/index.php?rest_route=%2Fwp%2Fv2%2Fmedia&parent=1738"}],"curies":[{"name":"wp","href":"https:\/\/api.w.org\/{rel}","templated":true}]}}