{"id":1341,"date":"2025-04-14T21:08:23","date_gmt":"2025-04-14T21:08:23","guid":{"rendered":"https:\/\/dermcenter.com.br\/?page_id=1341"},"modified":"2025-04-14T22:30:08","modified_gmt":"2025-04-14T22:30:08","slug":"queda-de-cabelo","status":"publish","type":"page","link":"https:\/\/dermcenter.com.br\/?page_id=1341","title":{"rendered":"Queda de cabelo"},"content":{"rendered":"\t\t<div data-elementor-type=\"wp-page\" data-elementor-id=\"1341\" class=\"elementor elementor-1341\" data-elementor-post-type=\"page\">\n\t\t\t\t<div class=\"elementor-element elementor-element-b48d2fe e-flex e-con-boxed e-con e-parent\" data-id=\"b48d2fe\" data-element_type=\"container\">\n\t\t\t\t\t<div class=\"e-con-inner\">\n\t\t<div class=\"elementor-element elementor-element-472dc4e e-con-full e-grid e-con e-child\" data-id=\"472dc4e\" data-element_type=\"container\">\n\t\t<div class=\"elementor-element elementor-element-20f9a06 e-con-full e-flex e-con e-child\" data-id=\"20f9a06\" data-element_type=\"container\">\n\t\t\t\t<div class=\"elementor-element elementor-element-a7581d0 elementor-widget elementor-widget-heading\" data-id=\"a7581d0\" data-element_type=\"widget\" data-widget_type=\"heading.default\">\n\t\t\t\t<div class=\"elementor-widget-container\">\n\t\t\t\t\t<h1 class=\"elementor-heading-title elementor-size-default\">Queda de cabelo<\/h1>\t\t\t\t<\/div>\n\t\t\t\t<\/div>\n\t\t\t\t<div class=\"elementor-element elementor-element-2f28ed9 elementor-widget-divider--view-line_icon elementor-widget-divider--element-align-right elementor-view-default elementor-widget elementor-widget-divider\" data-id=\"2f28ed9\" data-element_type=\"widget\" data-widget_type=\"divider.default\">\n\t\t\t\t<div class=\"elementor-widget-container\">\n\t\t\t\t\t\t\t<div class=\"elementor-divider\">\n\t\t\t<span class=\"elementor-divider-separator\">\n\t\t\t\t\t\t\t<div class=\"elementor-icon elementor-divider__element\">\n\t\t\t\t\t<svg xmlns=\"http:\/\/www.w3.org\/2000\/svg\" id=\"Camada_2\" data-name=\"Camada 2\" viewBox=\"0 0 196.05 366.17\"><defs><style>      .cls-1 {        fill: #a1b099;        fill-rule: evenodd;        stroke-width: 0px;      }    <\/style><\/defs><g id=\"Camada_1-2\" data-name=\"Camada 1\"><path class=\"cls-1\" d=\"M80.49,61.44C45.96,53.53,20.02,33.6.87,4.16-.04,1.67-1.25-.97,3.15.35c30.52,21.59,58.05,40.78,64.59,43.19,12.64,5.83,20.43,5.75,24.57,1.21,2.28-3.28,2.23-7.47-.15-12.58-2.61-4.45-3.11-9.19-3.19-14.11,1.04-8.13,1.19-13.69,4.55-15.78,2.62-1.82,4.85-1.92,9.4-.3,12.6,3.18,21.17,11.14,24.87,24.87l.3,9.1-7.58,17.29,1.21,6.07,64.61,23.66,6.98-.91,2.73,3.03-4.85,6.07-5.76.3-54.29-13.35c-4.55-.51-4.4,1.97-4.55,3.64,33.53,82.27,4.84,131.34-5.16,178.96l-3.34,49.14-3.94,2.12-5.16-3.64-1.21-5.46,10.92-126.48-3.34-1.21-14.26,98.88c-4.11,51.37-11.91,83.95-31.24,91.3-4.68,1.94-7.13.21-5.76-3.34l20.02-72.19,8.19-31.85c3.34-30.67,3.74-62.45.61-95.54-3.41-32.31-3.16-63.53,1.52-93.42-1.92-2.98-7.18-5.41-13.95-7.58Z\"><\/path><\/g><\/svg><\/div>\n\t\t\t\t\t\t<\/span>\n\t\t<\/div>\n\t\t\t\t\t\t<\/div>\n\t\t\t\t<\/div>\n\t\t\t\t<div class=\"elementor-element elementor-element-88f1048 elementor-widget elementor-widget-text-editor\" data-id=\"88f1048\" data-element_type=\"widget\" data-widget_type=\"text-editor.default\">\n\t\t\t\t<div class=\"elementor-widget-container\">\n\t\t\t\t\t\t\t\t\t<p><span style=\"font-weight: 400;\">A queda de cabelo \u00e9 um fen\u00f4meno natural e, na maioria dos casos, n\u00e3o deve gerar preocupa\u00e7\u00e3o. \u00c9 comum que todas as pessoas percam entre 50 e 100 fios de cabelo por dia, o que geralmente n\u00e3o causa grande impacto, pois novos fios nascem na mesma quantidade. O couro cabeludo humano possui mais de 100 mil fios.<br \/><\/span><\/p>\t\t\t\t\t\t\t\t<\/div>\n\t\t\t\t<\/div>\n\t\t\t\t<\/div>\n\t\t<div class=\"elementor-element elementor-element-3d8812d e-con-full e-flex e-con e-child\" data-id=\"3d8812d\" data-element_type=\"container\">\n\t\t\t\t<div class=\"elementor-element elementor-element-c220b8c elementor-widget elementor-widget-image\" data-id=\"c220b8c\" data-element_type=\"widget\" data-widget_type=\"image.default\">\n\t\t\t\t<div class=\"elementor-widget-container\">\n\t\t\t\t\t\t\t\t\t\t\t\t\t\t\t<img loading=\"lazy\" decoding=\"async\" width=\"800\" height=\"600\" src=\"https:\/\/dermcenter.com.br\/wp-content\/uploads\/2025\/04\/dermcenter-dermatologia-clinica-queda-de-cabelo.jpg\" class=\"attachment-large size-large wp-image-1344\" alt=\"\" srcset=\"https:\/\/dermcenter.com.br\/wp-content\/uploads\/2025\/04\/dermcenter-dermatologia-clinica-queda-de-cabelo.jpg 800w, https:\/\/dermcenter.com.br\/wp-content\/uploads\/2025\/04\/dermcenter-dermatologia-clinica-queda-de-cabelo-300x225.jpg 300w, https:\/\/dermcenter.com.br\/wp-content\/uploads\/2025\/04\/dermcenter-dermatologia-clinica-queda-de-cabelo-768x576.jpg 768w\" sizes=\"auto, (max-width: 800px) 100vw, 800px\" \/>\t\t\t\t\t\t\t\t\t\t\t\t\t\t\t<\/div>\n\t\t\t\t<\/div>\n\t\t\t\t<\/div>\n\t\t\t\t<\/div>\n\t\t<div class=\"elementor-element elementor-element-4dfcf4c e-con-full e-flex e-con e-child\" data-id=\"4dfcf4c\" data-element_type=\"container\">\n\t\t\t\t<div class=\"elementor-element elementor-element-8231c95 elementor-widget elementor-widget-text-editor\" data-id=\"8231c95\" data-element_type=\"widget\" data-widget_type=\"text-editor.default\">\n\t\t\t\t<div class=\"elementor-widget-container\">\n\t\t\t\t\t\t\t\t\t<p><span style=\"font-weight: 400;\">No entanto, algumas pessoas experimentam uma queda de cabelo mais intensa, o que pode indicar um desequil\u00edbrio. Nesses casos, \u00e9 importante buscar orienta\u00e7\u00e3o especializada.<\/span><\/p>\t\t\t\t\t\t\t\t<\/div>\n\t\t\t\t<\/div>\n\t\t\t\t<div class=\"elementor-element elementor-element-d7f793b elementor-widget elementor-widget-heading\" data-id=\"d7f793b\" data-element_type=\"widget\" data-widget_type=\"heading.default\">\n\t\t\t\t<div class=\"elementor-widget-container\">\n\t\t\t\t\t<h2 class=\"elementor-heading-title elementor-size-default\">Poss\u00edveis Causas\n<\/h2>\t\t\t\t<\/div>\n\t\t\t\t<\/div>\n\t\t\t\t<div class=\"elementor-element elementor-element-94dde38 elementor-widget elementor-widget-text-editor\" data-id=\"94dde38\" data-element_type=\"widget\" data-widget_type=\"text-editor.default\">\n\t\t\t\t<div class=\"elementor-widget-container\">\n\t\t\t\t\t\t\t\t\t<p><span style=\"font-weight: 400;\">Diversos fatores podem levar \u00e0 queda excessiva de cabelo. A seguir, apresentamos os principais:<\/span><\/p><ul><li style=\"font-weight: 400;\" aria-level=\"1\"><b>Estresse:<\/b><span style=\"font-weight: 400;\"> O estresse excessivo, tanto f\u00edsico quanto emocional, pode afetar o ciclo de crescimento dos fios, resultando em queda. Em alguns casos, o estresse pode agravar um problema de queda de cabelo j\u00e1 existente.<\/span><\/li><li style=\"font-weight: 400;\" aria-level=\"1\"><b>Varia\u00e7\u00f5es Hormonais:<\/b><span style=\"font-weight: 400;\"> Altera\u00e7\u00f5es hormonais, especialmente em mulheres gr\u00e1vidas e adolescentes na puberdade, podem contribuir para a queda de cabelo. Al\u00e9m disso, o uso de anticoncepcionais pode causar queda tempor\u00e1ria de cabelo em algumas mulheres.<\/span><\/li><li style=\"font-weight: 400;\" aria-level=\"1\"><b>Anemia:<\/b><span style=\"font-weight: 400;\"> A queda de cabelo pode ser um sintoma de anemia. A falta de nutrientes enfraquece os fios, tornando-os quebradi\u00e7os.<\/span><\/li><li style=\"font-weight: 400;\" aria-level=\"1\"><b>Hipotireoidismo:<\/b><span style=\"font-weight: 400;\"> O hipotireoidismo afeta a produ\u00e7\u00e3o de horm\u00f4nios essenciais para o metabolismo dos fios, resultando em queda de cabelo.<\/span><\/li><\/ul>\t\t\t\t\t\t\t\t<\/div>\n\t\t\t\t<\/div>\n\t\t\t\t<div class=\"elementor-element elementor-element-4df3fcf elementor-widget elementor-widget-heading\" data-id=\"4df3fcf\" data-element_type=\"widget\" data-widget_type=\"heading.default\">\n\t\t\t\t<div class=\"elementor-widget-container\">\n\t\t\t\t\t<h2 class=\"elementor-heading-title elementor-size-default\">Op\u00e7\u00f5es de Tratamento\n<\/h2>\t\t\t\t<\/div>\n\t\t\t\t<\/div>\n\t\t\t\t<div class=\"elementor-element elementor-element-254bf39 elementor-widget elementor-widget-text-editor\" data-id=\"254bf39\" data-element_type=\"widget\" data-widget_type=\"text-editor.default\">\n\t\t\t\t<div class=\"elementor-widget-container\">\n\t\t\t\t\t\t\t\t\t<p><span style=\"font-weight: 400;\">Existem diversas op\u00e7\u00f5es de tratamento para queda de cabelo. Um profissional especializado pode determinar o tratamento mais adequado para cada caso, considerando as causas individuais. Aqui est\u00e3o alguns dos tratamentos mais comuns:<\/span><\/p><ul><li style=\"font-weight: 400;\" aria-level=\"1\"><b>Minoxidil T\u00f3pico:<\/b><span style=\"font-weight: 400;\"> Essa subst\u00e2ncia estimula o crescimento e o espessamento dos fios. Geralmente, \u00e9 aplicado diretamente no couro cabeludo duas vezes ao dia.<\/span><\/li><li style=\"font-weight: 400;\" aria-level=\"1\"><b>Alimenta\u00e7\u00e3o Balanceada:<\/b><span style=\"font-weight: 400;\"> Uma dieta rica em ferro, zinco, \u00f4mega-3 e betacaroteno fortalece os fios e reduz a queda de cabelo.<\/span><\/li><li style=\"font-weight: 400;\" aria-level=\"1\"><b>Terapia a Laser:<\/b><span style=\"font-weight: 400;\"> A luz laser estimula as c\u00e9lulas capilares, fortalecendo os fios e prevenindo a queda excessiva.<\/span><\/li><li style=\"font-weight: 400;\" aria-level=\"1\"><b>Suplementa\u00e7\u00e3o:<\/b><span style=\"font-weight: 400;\"> Em casos de defici\u00eancia de vitaminas ou minerais, o uso de suplementos orais ou t\u00f3picos pode ajudar a restaurar o equil\u00edbrio e reduzir a queda de cabelo.<\/span><\/li><\/ul>\t\t\t\t\t\t\t\t<\/div>\n\t\t\t\t<\/div>\n\t\t\t\t<\/div>\n\t\t\t\t\t<\/div>\n\t\t\t\t<\/div>\n\t\t\t\t<\/div>\n\t\t","protected":false},"excerpt":{"rendered":"<p>Queda de cabelo A queda de cabelo \u00e9 um fen\u00f4meno natural e, na maioria dos casos, n\u00e3o deve gerar preocupa\u00e7\u00e3o. \u00c9 comum que todas as pessoas percam entre 50 e 100 fios de cabelo por dia, o que geralmente n\u00e3o causa grande impacto, pois novos fios nascem na mesma quantidade. O couro cabeludo humano possui [&hellip;]<\/p>\n","protected":false},"author":1,"featured_media":0,"parent":1330,"menu_order":0,"comment_status":"closed","ping_status":"closed","template":"elementor_canvas","meta":{"footnotes":""},"class_list":["post-1341","page","type-page","status-publish","hentry"],"_links":{"self":[{"href":"https:\/\/dermcenter.com.br\/index.php?rest_route=\/wp\/v2\/pages\/1341","targetHints":{"allow":["GET"]}}],"collection":[{"href":"https:\/\/dermcenter.com.br\/index.php?rest_route=\/wp\/v2\/pages"}],"about":[{"href":"https:\/\/dermcenter.com.br\/index.php?rest_route=\/wp\/v2\/types\/page"}],"author":[{"embeddable":true,"href":"https:\/\/dermcenter.com.br\/index.php?rest_route=\/wp\/v2\/users\/1"}],"replies":[{"embeddable":true,"href":"https:\/\/dermcenter.com.br\/index.php?rest_route=%2Fwp%2Fv2%2Fcomments&post=1341"}],"version-history":[{"count":7,"href":"https:\/\/dermcenter.com.br\/index.php?rest_route=\/wp\/v2\/pages\/1341\/revisions"}],"predecessor-version":[{"id":1351,"href":"https:\/\/dermcenter.com.br\/index.php?rest_route=\/wp\/v2\/pages\/1341\/revisions\/1351"}],"up":[{"embeddable":true,"href":"https:\/\/dermcenter.com.br\/index.php?rest_route=\/wp\/v2\/pages\/1330"}],"wp:attachment":[{"href":"https:\/\/dermcenter.com.br\/index.php?rest_route=%2Fwp%2Fv2%2Fmedia&parent=1341"}],"curies":[{"name":"wp","href":"https:\/\/api.w.org\/{rel}","templated":true}]}}