{"id":1213,"date":"2025-04-11T14:33:26","date_gmt":"2025-04-11T14:33:26","guid":{"rendered":"https:\/\/dermcenter.com.br\/?page_id=1213"},"modified":"2025-04-14T14:02:00","modified_gmt":"2025-04-14T14:02:00","slug":"dermatite-seborreica","status":"publish","type":"page","link":"https:\/\/dermcenter.com.br\/?page_id=1213","title":{"rendered":"Dermatite Seborreica"},"content":{"rendered":"\t\t<div data-elementor-type=\"wp-page\" data-elementor-id=\"1213\" class=\"elementor elementor-1213\" data-elementor-post-type=\"page\">\n\t\t\t\t<div class=\"elementor-element elementor-element-b48d2fe e-flex e-con-boxed e-con e-parent\" data-id=\"b48d2fe\" data-element_type=\"container\">\n\t\t\t\t\t<div class=\"e-con-inner\">\n\t\t<div class=\"elementor-element elementor-element-472dc4e e-con-full e-grid e-con e-child\" data-id=\"472dc4e\" data-element_type=\"container\">\n\t\t<div class=\"elementor-element elementor-element-20f9a06 e-con-full e-flex e-con e-child\" data-id=\"20f9a06\" data-element_type=\"container\">\n\t\t\t\t<div class=\"elementor-element elementor-element-a7581d0 elementor-widget elementor-widget-heading\" data-id=\"a7581d0\" data-element_type=\"widget\" data-widget_type=\"heading.default\">\n\t\t\t\t<div class=\"elementor-widget-container\">\n\t\t\t\t\t<h1 class=\"elementor-heading-title elementor-size-default\">Dermatite Seborreica<\/h1>\t\t\t\t<\/div>\n\t\t\t\t<\/div>\n\t\t\t\t<div class=\"elementor-element elementor-element-2f28ed9 elementor-widget-divider--view-line_icon elementor-widget-divider--element-align-right elementor-view-default elementor-widget elementor-widget-divider\" data-id=\"2f28ed9\" data-element_type=\"widget\" data-widget_type=\"divider.default\">\n\t\t\t\t<div class=\"elementor-widget-container\">\n\t\t\t\t\t\t\t<div class=\"elementor-divider\">\n\t\t\t<span class=\"elementor-divider-separator\">\n\t\t\t\t\t\t\t<div class=\"elementor-icon elementor-divider__element\">\n\t\t\t\t\t<svg xmlns=\"http:\/\/www.w3.org\/2000\/svg\" id=\"Camada_2\" data-name=\"Camada 2\" viewBox=\"0 0 196.05 366.17\"><defs><style>      .cls-1 {        fill: #a1b099;        fill-rule: evenodd;        stroke-width: 0px;      }    <\/style><\/defs><g id=\"Camada_1-2\" data-name=\"Camada 1\"><path class=\"cls-1\" d=\"M80.49,61.44C45.96,53.53,20.02,33.6.87,4.16-.04,1.67-1.25-.97,3.15.35c30.52,21.59,58.05,40.78,64.59,43.19,12.64,5.83,20.43,5.75,24.57,1.21,2.28-3.28,2.23-7.47-.15-12.58-2.61-4.45-3.11-9.19-3.19-14.11,1.04-8.13,1.19-13.69,4.55-15.78,2.62-1.82,4.85-1.92,9.4-.3,12.6,3.18,21.17,11.14,24.87,24.87l.3,9.1-7.58,17.29,1.21,6.07,64.61,23.66,6.98-.91,2.73,3.03-4.85,6.07-5.76.3-54.29-13.35c-4.55-.51-4.4,1.97-4.55,3.64,33.53,82.27,4.84,131.34-5.16,178.96l-3.34,49.14-3.94,2.12-5.16-3.64-1.21-5.46,10.92-126.48-3.34-1.21-14.26,98.88c-4.11,51.37-11.91,83.95-31.24,91.3-4.68,1.94-7.13.21-5.76-3.34l20.02-72.19,8.19-31.85c3.34-30.67,3.74-62.45.61-95.54-3.41-32.31-3.16-63.53,1.52-93.42-1.92-2.98-7.18-5.41-13.95-7.58Z\"><\/path><\/g><\/svg><\/div>\n\t\t\t\t\t\t<\/span>\n\t\t<\/div>\n\t\t\t\t\t\t<\/div>\n\t\t\t\t<\/div>\n\t\t\t\t<div class=\"elementor-element elementor-element-88f1048 elementor-widget elementor-widget-text-editor\" data-id=\"88f1048\" data-element_type=\"widget\" data-widget_type=\"text-editor.default\">\n\t\t\t\t<div class=\"elementor-widget-container\">\n\t\t\t\t\t\t\t\t\t<p><span style=\"font-weight: 400;\">A dermatite seborreica \u00e9 uma <\/span><b>condi\u00e7\u00e3o inflamat\u00f3ria cr\u00f4nica da pele<\/b><span style=\"font-weight: 400;\"> que afeta principalmente o <\/span><b>couro cabeludo e \u00e1reas com maior produ\u00e7\u00e3o de sebo<\/b><span style=\"font-weight: 400;\">, como <\/span><b>rosto, sobrancelhas, nariz, orelhas e t\u00f3rax<\/b><span style=\"font-weight: 400;\">. Embora n\u00e3o seja contagiosa nem cause problemas graves de sa\u00fade, a dermatite seborreica pode ser <\/span><b>inc\u00f4moda e afetar a qualidade de vida<\/b><span style=\"font-weight: 400;\"> devido aos seus sintomas, como <\/span><b>coceira, descama\u00e7\u00e3o e vermelhid\u00e3o<\/b><span style=\"font-weight: 400;\">.<\/span><\/p>\t\t\t\t\t\t\t\t<\/div>\n\t\t\t\t<\/div>\n\t\t\t\t<\/div>\n\t\t<div class=\"elementor-element elementor-element-3d8812d e-con-full e-flex e-con e-child\" data-id=\"3d8812d\" data-element_type=\"container\">\n\t\t\t\t<div class=\"elementor-element elementor-element-c220b8c elementor-widget elementor-widget-image\" data-id=\"c220b8c\" data-element_type=\"widget\" data-widget_type=\"image.default\">\n\t\t\t\t<div class=\"elementor-widget-container\">\n\t\t\t\t\t\t\t\t\t\t\t\t\t\t\t<img loading=\"lazy\" decoding=\"async\" width=\"800\" height=\"600\" src=\"https:\/\/dermcenter.com.br\/wp-content\/uploads\/2025\/04\/dermcenter-dermatologia-clinica-dermatite-seborreica.jpg\" class=\"attachment-large size-large wp-image-1164\" alt=\"\" srcset=\"https:\/\/dermcenter.com.br\/wp-content\/uploads\/2025\/04\/dermcenter-dermatologia-clinica-dermatite-seborreica.jpg 800w, https:\/\/dermcenter.com.br\/wp-content\/uploads\/2025\/04\/dermcenter-dermatologia-clinica-dermatite-seborreica-300x225.jpg 300w, https:\/\/dermcenter.com.br\/wp-content\/uploads\/2025\/04\/dermcenter-dermatologia-clinica-dermatite-seborreica-768x576.jpg 768w\" sizes=\"auto, (max-width: 800px) 100vw, 800px\" \/>\t\t\t\t\t\t\t\t\t\t\t\t\t\t\t<\/div>\n\t\t\t\t<\/div>\n\t\t\t\t<\/div>\n\t\t\t\t<\/div>\n\t\t<div class=\"elementor-element elementor-element-4dfcf4c e-con-full e-flex e-con e-child\" data-id=\"4dfcf4c\" data-element_type=\"container\">\n\t\t\t\t<div class=\"elementor-element elementor-element-d7f793b elementor-widget elementor-widget-heading\" data-id=\"d7f793b\" data-element_type=\"widget\" data-widget_type=\"heading.default\">\n\t\t\t\t<div class=\"elementor-widget-container\">\n\t\t\t\t\t<h2 class=\"elementor-heading-title elementor-size-default\">Causas da dermatite seborreica: uma combina\u00e7\u00e3o de fatores\n<\/h2>\t\t\t\t<\/div>\n\t\t\t\t<\/div>\n\t\t\t\t<div class=\"elementor-element elementor-element-8231c95 elementor-widget elementor-widget-text-editor\" data-id=\"8231c95\" data-element_type=\"widget\" data-widget_type=\"text-editor.default\">\n\t\t\t\t<div class=\"elementor-widget-container\">\n\t\t\t\t\t\t\t\t\t<p><span style=\"font-weight: 400;\">As causas da dermatite seborreica <\/span><b>n\u00e3o s\u00e3o totalmente conhecidas<\/b><span style=\"font-weight: 400;\">, mas acredita-se que uma <\/span><b>combina\u00e7\u00e3o de fatores<\/b><span style=\"font-weight: 400;\"> contribua para o seu desenvolvimento. Entre eles, destacam-se:<\/span><\/p><ul><li style=\"font-weight: 400;\" aria-level=\"1\"><b>Gen\u00e9tica:<\/b><span style=\"font-weight: 400;\"> A predisposi\u00e7\u00e3o gen\u00e9tica pode influenciar a sensibilidade da pele e a produ\u00e7\u00e3o de sebo.<\/span><\/li><li style=\"font-weight: 400;\" aria-level=\"1\"><b>Fungos Malassezia:<\/b><span style=\"font-weight: 400;\"> Esses fungos, presentes naturalmente na pele, podem se proliferar em pessoas com predisposi\u00e7\u00e3o \u00e0 dermatite seborreica, contribuindo para a inflama\u00e7\u00e3o.<\/span><\/li><li style=\"font-weight: 400;\" aria-level=\"1\"><b>Horm\u00f4nios:<\/b><span style=\"font-weight: 400;\"> Altera\u00e7\u00f5es hormonais, como o aumento da produ\u00e7\u00e3o de andr\u00f3genos, podem estimular a produ\u00e7\u00e3o de sebo e favorecer o surgimento da dermatite seborreica.<\/span><\/li><li style=\"font-weight: 400;\" aria-level=\"1\"><b>Sistema imunol\u00f3gico:<\/b><span style=\"font-weight: 400;\"> Pessoas com sistema imunol\u00f3gico enfraquecido podem ser mais suscet\u00edveis \u00e0 dermatite seborreica.<\/span><\/li><li style=\"font-weight: 400;\" aria-level=\"1\"><b>Fatores ambientais:<\/b><span style=\"font-weight: 400;\"> Estresse, clima frio e seco, uso de alguns medicamentos e produtos para a pele podem desencadear ou agravar a dermatite seborreica.<\/span><\/li><\/ul>\t\t\t\t\t\t\t\t<\/div>\n\t\t\t\t<\/div>\n\t\t\t\t<div class=\"elementor-element elementor-element-4df3fcf elementor-widget elementor-widget-heading\" data-id=\"4df3fcf\" data-element_type=\"widget\" data-widget_type=\"heading.default\">\n\t\t\t\t<div class=\"elementor-widget-container\">\n\t\t\t\t\t<h2 class=\"elementor-heading-title elementor-size-default\">Sintomas da dermatite seborreica: descama\u00e7\u00e3o, coceira e vermelhid\u00e3o\n<\/h2>\t\t\t\t<\/div>\n\t\t\t\t<\/div>\n\t\t\t\t<div class=\"elementor-element elementor-element-254bf39 elementor-widget elementor-widget-text-editor\" data-id=\"254bf39\" data-element_type=\"widget\" data-widget_type=\"text-editor.default\">\n\t\t\t\t<div class=\"elementor-widget-container\">\n\t\t\t\t\t\t\t\t\t<p><span style=\"font-weight: 400;\">Os sintomas da dermatite seborreica variam de pessoa para pessoa, mas os mais comuns incluem:<\/span><\/p><ul><li style=\"font-weight: 400;\" aria-level=\"1\"><b>Descama\u00e7\u00e3o:<\/b><span style=\"font-weight: 400;\"> Presen\u00e7a de escamas brancas ou amareladas na pele e no couro cabeludo, que podem ser semelhantes \u00e0 caspa.<\/span><\/li><li style=\"font-weight: 400;\" aria-level=\"1\"><b>Coceira:<\/b><span style=\"font-weight: 400;\"> A coceira \u00e9 um sintoma frequente e pode ser intensa, levando ao ato de co\u00e7ar, o que pode piorar a inflama\u00e7\u00e3o.<\/span><\/li><li style=\"font-weight: 400;\" aria-level=\"1\"><b>Vermelhid\u00e3o:<\/b><span style=\"font-weight: 400;\"> A pele afetada pode ficar avermelhada e inflamada.<\/span><\/li><li style=\"font-weight: 400;\" aria-level=\"1\"><b>Oleosidade:<\/b><span style=\"font-weight: 400;\"> A pele e o couro cabeludo podem apresentar excesso de oleosidade.<\/span><\/li><\/ul>\t\t\t\t\t\t\t\t<\/div>\n\t\t\t\t<\/div>\n\t\t\t\t<div class=\"elementor-element elementor-element-41d1183 elementor-widget elementor-widget-heading\" data-id=\"41d1183\" data-element_type=\"widget\" data-widget_type=\"heading.default\">\n\t\t\t\t<div class=\"elementor-widget-container\">\n\t\t\t\t\t<h2 class=\"elementor-heading-title elementor-size-default\">Tratamento da dermatite seborreica: al\u00edvio dos sintomas e controle da inflama\u00e7\u00e3o\n<\/h2>\t\t\t\t<\/div>\n\t\t\t\t<\/div>\n\t\t\t\t<div class=\"elementor-element elementor-element-af6c4bb elementor-widget elementor-widget-text-editor\" data-id=\"af6c4bb\" data-element_type=\"widget\" data-widget_type=\"text-editor.default\">\n\t\t\t\t<div class=\"elementor-widget-container\">\n\t\t\t\t\t\t\t\t\t<p><span style=\"font-weight: 400;\">O tratamento da dermatite seborreica visa <\/span><b>aliviar os sintomas, controlar a inflama\u00e7\u00e3o e prevenir o surgimento de novas crises<\/b><span style=\"font-weight: 400;\">. As op\u00e7\u00f5es de tratamento incluem:<\/span><\/p><ul><li style=\"font-weight: 400;\" aria-level=\"1\"><b>Higiene:<\/b><span style=\"font-weight: 400;\"> Lavar o couro cabeludo e a pele afetada com produtos suaves e espec\u00edficos para dermatite seborreica, evitando esfregar e irritar a pele.<\/span><\/li><li style=\"font-weight: 400;\" aria-level=\"1\"><b>Medicamentos t\u00f3picos:<\/b><span style=\"font-weight: 400;\"> Utiliza\u00e7\u00e3o de shampoos, lo\u00e7\u00f5es ou cremes antif\u00fangicos, corticosteroides ou outros medicamentos prescritos pelo dermatologista para controlar a inflama\u00e7\u00e3o e a descama\u00e7\u00e3o.<\/span><\/li><li style=\"font-weight: 400;\" aria-level=\"1\"><b>Medicamentos orais:<\/b><span style=\"font-weight: 400;\"> Em casos mais graves, o dermatologista pode indicar o uso de medicamentos antif\u00fangicos ou corticosteroides por via oral.<\/span><\/li><li style=\"font-weight: 400;\" aria-level=\"1\"><b>Fototerapia:<\/b><span style=\"font-weight: 400;\"> A exposi\u00e7\u00e3o \u00e0 luz ultravioleta pode ser utilizada para tratar a dermatite seborreica em alguns casos.<\/span><\/li><\/ul>\t\t\t\t\t\t\t\t<\/div>\n\t\t\t\t<\/div>\n\t\t\t\t<div class=\"elementor-element elementor-element-a5c8eee elementor-widget elementor-widget-heading\" data-id=\"a5c8eee\" data-element_type=\"widget\" data-widget_type=\"heading.default\">\n\t\t\t\t<div class=\"elementor-widget-container\">\n\t\t\t\t\t<h2 class=\"elementor-heading-title elementor-size-default\">Preven\u00e7\u00e3o da dermatite seborreica: cuidados di\u00e1rios com a pele e couro cabeludo\n<\/h2>\t\t\t\t<\/div>\n\t\t\t\t<\/div>\n\t\t\t\t<div class=\"elementor-element elementor-element-8b27aef elementor-widget elementor-widget-text-editor\" data-id=\"8b27aef\" data-element_type=\"widget\" data-widget_type=\"text-editor.default\">\n\t\t\t\t<div class=\"elementor-widget-container\">\n\t\t\t\t\t\t\t\t\t<p><span style=\"font-weight: 400;\">A dermatite seborreica n\u00e3o tem cura, mas algumas medidas podem ajudar a <\/span><b>prevenir o surgimento de crises e controlar os sintomas<\/b><span style=\"font-weight: 400;\">:<\/span><\/p><ul><li style=\"font-weight: 400;\" aria-level=\"1\"><b>Cuidados com a pele e couro cabeludo:<\/b><span style=\"font-weight: 400;\"> Utilizar produtos de higiene suaves e adequados para o seu tipo de pele, evitar banhos muito quentes e longos, secar bem a pele ap\u00f3s o banho e evitar co\u00e7ar as \u00e1reas afetadas.<\/span><\/li><li style=\"font-weight: 400;\" aria-level=\"1\"><b>Alimenta\u00e7\u00e3o saud\u00e1vel:<\/b><span style=\"font-weight: 400;\"> Manter uma alimenta\u00e7\u00e3o equilibrada, rica em frutas, verduras e legumes, pode fortalecer o sistema imunol\u00f3gico e contribuir para a sa\u00fade da pele.<\/span><\/li><li style=\"font-weight: 400;\" aria-level=\"1\"><b>Controle do estresse:<\/b><span style=\"font-weight: 400;\"> O estresse pode desencadear ou agravar a dermatite seborreica, por isso, \u00e9 importante buscar formas de relaxamento e gerenciamento do estresse, como a pr\u00e1tica de exerc\u00edcios f\u00edsicos, yoga ou medita\u00e7\u00e3o.<\/span><\/li><li style=\"font-weight: 400;\" aria-level=\"1\"><b>Evitar fatores desencadeantes:<\/b><span style=\"font-weight: 400;\"> Identificar e evitar os fatores que desencadeiam ou agravam a dermatite seborreica, como o uso de determinados produtos, o clima frio e seco ou o estresse.<\/span><\/li><\/ul>\t\t\t\t\t\t\t\t<\/div>\n\t\t\t\t<\/div>\n\t\t\t\t<div class=\"elementor-element elementor-element-1b5b1d8 elementor-widget elementor-widget-heading\" data-id=\"1b5b1d8\" data-element_type=\"widget\" data-widget_type=\"heading.default\">\n\t\t\t\t<div class=\"elementor-widget-container\">\n\t\t\t\t\t<h2 class=\"elementor-heading-title elementor-size-default\">Preven\u00e7\u00e3o: evite os al\u00e9rgenos\n<\/h2>\t\t\t\t<\/div>\n\t\t\t\t<\/div>\n\t\t\t\t<div class=\"elementor-element elementor-element-5bea1bb elementor-widget elementor-widget-text-editor\" data-id=\"5bea1bb\" data-element_type=\"widget\" data-widget_type=\"text-editor.default\">\n\t\t\t\t<div class=\"elementor-widget-container\">\n\t\t\t\t\t\t\t\t\t<p><span style=\"font-weight: 400;\">A melhor forma de prevenir alergias \u00e9 <\/span><b>evitar o contato com os al\u00e9rgenos respons\u00e1veis pelas rea\u00e7\u00f5es al\u00e9rgicas<\/b><span style=\"font-weight: 400;\">. Algumas medidas preventivas incluem <\/span><b>manter a casa limpa e livre de poeira, usar roupas de cama anti\u00e1caro, evitar animais de estima\u00e7\u00e3o, evitar alimentos que causam alergia, usar medicamentos com cautela e evitar picadas de insetos<\/b><span style=\"font-weight: 400;\">.<\/span><\/p>\t\t\t\t\t\t\t\t<\/div>\n\t\t\t\t<\/div>\n\t\t\t\t<div class=\"elementor-element elementor-element-a8ccd97 elementor-widget elementor-widget-heading\" data-id=\"a8ccd97\" data-element_type=\"widget\" data-widget_type=\"heading.default\">\n\t\t\t\t<div class=\"elementor-widget-container\">\n\t\t\t\t\t<h2 class=\"elementor-heading-title elementor-size-default\">Na dermatologia, as rea\u00e7\u00f5es al\u00e9rgicas mais comuns s\u00e3o:\n<\/h2>\t\t\t\t<\/div>\n\t\t\t\t<\/div>\n\t\t\t\t<div class=\"elementor-element elementor-element-549f0d2 elementor-widget elementor-widget-text-editor\" data-id=\"549f0d2\" data-element_type=\"widget\" data-widget_type=\"text-editor.default\">\n\t\t\t\t<div class=\"elementor-widget-container\">\n\t\t\t\t\t\t\t\t\t<ol><li><b> Dermatite de contato:<br \/><br \/><\/b><\/li><\/ol><ul><li style=\"font-weight: 400;\" aria-level=\"1\"><b>Causas:<\/b><span style=\"font-weight: 400;\"> Ocorre quando a pele entra em contato direto com um al\u00e9rgeno ou irritante. As causas comuns incluem n\u00edquel (em joias), cosm\u00e9ticos, fragr\u00e2ncias, produtos de limpeza e plantas como a hera venenosa.<\/span><\/li><li style=\"font-weight: 400;\" aria-level=\"1\"><b>Sintomas:<\/b><span style=\"font-weight: 400;\"> Vermelhid\u00e3o, coceira, incha\u00e7o, bolhas e descama\u00e7\u00e3o na \u00e1rea afetada.<br \/><br \/><\/span><\/li><\/ul><ol start=\"2\"><li><b> Urtic\u00e1ria:<br \/><br \/><\/b><\/li><\/ol><ul><li style=\"font-weight: 400;\" aria-level=\"1\"><b>Causas:<\/b><span style=\"font-weight: 400;\"> Desencadeada por uma variedade de fatores, como alimentos, medicamentos, picadas de insetos, l\u00e1tex e at\u00e9 mesmo estresse.<\/span><\/li><li style=\"font-weight: 400;\" aria-level=\"1\"><b>Sintomas:<\/b><span style=\"font-weight: 400;\"> Manchas vermelhas ou rosadas elevadas na pele, com coceira intensa, que podem aparecer e desaparecer rapidamente.<br \/><br \/><\/span><\/li><\/ul><ol start=\"3\"><li><b> Angioedema:<br \/><br \/><\/b><\/li><\/ol><ul><li style=\"font-weight: 400;\" aria-level=\"1\"><b>Causas:<\/b><span style=\"font-weight: 400;\"> Frequentemente associado \u00e0 urtic\u00e1ria, o angioedema causa incha\u00e7o profundo na pele, especialmente ao redor dos olhos, l\u00e1bios e l\u00edngua.<\/span><\/li><li style=\"font-weight: 400;\" aria-level=\"1\"><b>Sintomas:<\/b><span style=\"font-weight: 400;\"> Incha\u00e7o, dor e desconforto nas \u00e1reas afetadas. Em casos graves, pode dificultar a respira\u00e7\u00e3o.<br \/><br \/><\/span><\/li><\/ul><ol start=\"4\"><li><b> Eczema (dermatite at\u00f3pica):<br \/><br \/><\/b><\/li><\/ol><ul><li style=\"font-weight: 400;\" aria-level=\"1\"><b>Causas:<\/b><span style=\"font-weight: 400;\"> Uma condi\u00e7\u00e3o cr\u00f4nica que pode ser desencadeada por al\u00e9rgenos, irritantes, estresse e clima seco, existindo quando h\u00e1 uma predisposi\u00e7\u00e3o gen\u00e9tica.<\/span><\/li><li style=\"font-weight: 400;\" aria-level=\"1\"><b>Sintomas:<\/b><span style=\"font-weight: 400;\"> Pele seca, coceira, vermelhid\u00e3o, rachaduras e descama\u00e7\u00e3o, especialmente nas dobras dos bra\u00e7os e pernas.<br \/><br \/><\/span><\/li><\/ul><ol start=\"5\"><li><b> Rea\u00e7\u00f5es a medicamentos:<br \/><br \/><\/b><\/li><\/ol><ul><li style=\"font-weight: 400;\" aria-level=\"1\"><b>Causas:<\/b><span style=\"font-weight: 400;\"> Alguns medicamentos podem causar rea\u00e7\u00f5es al\u00e9rgicas na pele, desde erup\u00e7\u00f5es leves at\u00e9 condi\u00e7\u00f5es graves como a s\u00edndrome de Stevens-Johnson.<\/span><\/li><li style=\"font-weight: 400;\" aria-level=\"1\"><b>Sintomas:<\/b><span style=\"font-weight: 400;\"> Erup\u00e7\u00f5es cut\u00e2neas, coceira, urtic\u00e1ria, incha\u00e7o e, em casos graves, bolhas e descama\u00e7\u00e3o da pele.<br \/><br \/><\/span><\/li><\/ul><ol start=\"6\"><li><b> Alergias alimentares:<br \/><br \/><\/b><\/li><\/ol><ul><li style=\"font-weight: 400;\" aria-level=\"1\"><b>Causas:<\/b><span style=\"font-weight: 400;\"> Alguns alimentos, como amendoim, leite, ovos e frutos do mar, podem desencadear rea\u00e7\u00f5es al\u00e9rgicas na pele.<\/span><\/li><li style=\"font-weight: 400;\" aria-level=\"1\"><b>Sintomas:<\/b><span style=\"font-weight: 400;\"> Urtic\u00e1ria, incha\u00e7o, coceira e, em casos graves, dificuldade para respirar e anafilaxia.<\/span><\/li><\/ul>\t\t\t\t\t\t\t\t<\/div>\n\t\t\t\t<\/div>\n\t\t\t\t<\/div>\n\t\t\t\t\t<\/div>\n\t\t\t\t<\/div>\n\t\t\t\t<\/div>\n\t\t","protected":false},"excerpt":{"rendered":"<p>Dermatite Seborreica A dermatite seborreica \u00e9 uma condi\u00e7\u00e3o inflamat\u00f3ria cr\u00f4nica da pele que afeta principalmente o couro cabeludo e \u00e1reas com maior produ\u00e7\u00e3o de sebo, como rosto, sobrancelhas, nariz, orelhas e t\u00f3rax. Embora n\u00e3o seja contagiosa nem cause problemas graves de sa\u00fade, a dermatite seborreica pode ser inc\u00f4moda e afetar a qualidade de vida devido [&hellip;]<\/p>\n","protected":false},"author":1,"featured_media":0,"parent":1159,"menu_order":0,"comment_status":"closed","ping_status":"closed","template":"elementor_canvas","meta":{"footnotes":""},"class_list":["post-1213","page","type-page","status-publish","hentry"],"_links":{"self":[{"href":"https:\/\/dermcenter.com.br\/index.php?rest_route=\/wp\/v2\/pages\/1213","targetHints":{"allow":["GET"]}}],"collection":[{"href":"https:\/\/dermcenter.com.br\/index.php?rest_route=\/wp\/v2\/pages"}],"about":[{"href":"https:\/\/dermcenter.com.br\/index.php?rest_route=\/wp\/v2\/types\/page"}],"author":[{"embeddable":true,"href":"https:\/\/dermcenter.com.br\/index.php?rest_route=\/wp\/v2\/users\/1"}],"replies":[{"embeddable":true,"href":"https:\/\/dermcenter.com.br\/index.php?rest_route=%2Fwp%2Fv2%2Fcomments&post=1213"}],"version-history":[{"count":4,"href":"https:\/\/dermcenter.com.br\/index.php?rest_route=\/wp\/v2\/pages\/1213\/revisions"}],"predecessor-version":[{"id":1217,"href":"https:\/\/dermcenter.com.br\/index.php?rest_route=\/wp\/v2\/pages\/1213\/revisions\/1217"}],"up":[{"embeddable":true,"href":"https:\/\/dermcenter.com.br\/index.php?rest_route=\/wp\/v2\/pages\/1159"}],"wp:attachment":[{"href":"https:\/\/dermcenter.com.br\/index.php?rest_route=%2Fwp%2Fv2%2Fmedia&parent=1213"}],"curies":[{"name":"wp","href":"https:\/\/api.w.org\/{rel}","templated":true}]}}