{"id":1138,"date":"2025-04-10T21:03:12","date_gmt":"2025-04-10T21:03:12","guid":{"rendered":"https:\/\/dermcenter.com.br\/?page_id=1138"},"modified":"2025-08-27T19:08:05","modified_gmt":"2025-08-27T19:08:05","slug":"biopsia","status":"publish","type":"page","link":"https:\/\/dermcenter.com.br\/?page_id=1138","title":{"rendered":"Bi\u00f3psia"},"content":{"rendered":"\t\t<div data-elementor-type=\"wp-page\" data-elementor-id=\"1138\" class=\"elementor elementor-1138\" data-elementor-post-type=\"page\">\n\t\t\t\t<div class=\"elementor-element elementor-element-b48d2fe e-flex e-con-boxed e-con e-parent\" data-id=\"b48d2fe\" data-element_type=\"container\">\n\t\t\t\t\t<div class=\"e-con-inner\">\n\t\t<div class=\"elementor-element elementor-element-472dc4e e-con-full e-grid e-con e-child\" data-id=\"472dc4e\" data-element_type=\"container\">\n\t\t<div class=\"elementor-element elementor-element-20f9a06 e-con-full e-flex e-con e-child\" data-id=\"20f9a06\" data-element_type=\"container\">\n\t\t\t\t<div class=\"elementor-element elementor-element-a7581d0 elementor-widget elementor-widget-heading\" data-id=\"a7581d0\" data-element_type=\"widget\" data-widget_type=\"heading.default\">\n\t\t\t\t<div class=\"elementor-widget-container\">\n\t\t\t\t\t<h1 class=\"elementor-heading-title elementor-size-default\">Bi\u00f3psia<\/h1>\t\t\t\t<\/div>\n\t\t\t\t<\/div>\n\t\t\t\t<div class=\"elementor-element elementor-element-2f28ed9 elementor-widget-divider--view-line_icon elementor-widget-divider--element-align-right elementor-view-default elementor-widget elementor-widget-divider\" data-id=\"2f28ed9\" data-element_type=\"widget\" data-widget_type=\"divider.default\">\n\t\t\t\t<div class=\"elementor-widget-container\">\n\t\t\t\t\t\t\t<div class=\"elementor-divider\">\n\t\t\t<span class=\"elementor-divider-separator\">\n\t\t\t\t\t\t\t<div class=\"elementor-icon elementor-divider__element\">\n\t\t\t\t\t<svg xmlns=\"http:\/\/www.w3.org\/2000\/svg\" id=\"Camada_2\" data-name=\"Camada 2\" viewBox=\"0 0 196.05 366.17\"><defs><style>      .cls-1 {        fill: #a1b099;        fill-rule: evenodd;        stroke-width: 0px;      }    <\/style><\/defs><g id=\"Camada_1-2\" data-name=\"Camada 1\"><path class=\"cls-1\" d=\"M80.49,61.44C45.96,53.53,20.02,33.6.87,4.16-.04,1.67-1.25-.97,3.15.35c30.52,21.59,58.05,40.78,64.59,43.19,12.64,5.83,20.43,5.75,24.57,1.21,2.28-3.28,2.23-7.47-.15-12.58-2.61-4.45-3.11-9.19-3.19-14.11,1.04-8.13,1.19-13.69,4.55-15.78,2.62-1.82,4.85-1.92,9.4-.3,12.6,3.18,21.17,11.14,24.87,24.87l.3,9.1-7.58,17.29,1.21,6.07,64.61,23.66,6.98-.91,2.73,3.03-4.85,6.07-5.76.3-54.29-13.35c-4.55-.51-4.4,1.97-4.55,3.64,33.53,82.27,4.84,131.34-5.16,178.96l-3.34,49.14-3.94,2.12-5.16-3.64-1.21-5.46,10.92-126.48-3.34-1.21-14.26,98.88c-4.11,51.37-11.91,83.95-31.24,91.3-4.68,1.94-7.13.21-5.76-3.34l20.02-72.19,8.19-31.85c3.34-30.67,3.74-62.45.61-95.54-3.41-32.31-3.16-63.53,1.52-93.42-1.92-2.98-7.18-5.41-13.95-7.58Z\"><\/path><\/g><\/svg><\/div>\n\t\t\t\t\t\t<\/span>\n\t\t<\/div>\n\t\t\t\t\t\t<\/div>\n\t\t\t\t<\/div>\n\t\t\t\t<div class=\"elementor-element elementor-element-88f1048 elementor-widget elementor-widget-text-editor\" data-id=\"88f1048\" data-element_type=\"widget\" data-widget_type=\"text-editor.default\">\n\t\t\t\t<div class=\"elementor-widget-container\">\n\t\t\t\t\t\t\t\t\t<p><span style=\"font-weight: 400;\">A bi\u00f3psia \u00e9 um procedimento m\u00e9dico no qual se coleta uma amostra de tecido ou c\u00e9lulas do corpo para ser analisada em laborat\u00f3rio. Esse exame \u00e9 amplamente utilizado para diagnosticar uma s\u00e9rie de condi\u00e7\u00f5es, incluindo c\u00e2ncer, infec\u00e7\u00f5es e outras doen\u00e7as inflamat\u00f3rias ou autoimunes.<\/span><\/p>\t\t\t\t\t\t\t\t<\/div>\n\t\t\t\t<\/div>\n\t\t\t\t<\/div>\n\t\t<div class=\"elementor-element elementor-element-3d8812d e-con-full e-flex e-con e-child\" data-id=\"3d8812d\" data-element_type=\"container\">\n\t\t\t\t<div class=\"elementor-element elementor-element-c220b8c elementor-widget elementor-widget-image\" data-id=\"c220b8c\" data-element_type=\"widget\" data-widget_type=\"image.default\">\n\t\t\t\t<div class=\"elementor-widget-container\">\n\t\t\t\t\t\t\t\t\t\t\t\t\t\t\t<img loading=\"lazy\" decoding=\"async\" width=\"800\" height=\"600\" src=\"https:\/\/dermcenter.com.br\/wp-content\/uploads\/2025\/08\/dermcenter-biopsia-1.jpg\" class=\"attachment-large size-large wp-image-1908\" alt=\"\" srcset=\"https:\/\/dermcenter.com.br\/wp-content\/uploads\/2025\/08\/dermcenter-biopsia-1.jpg 800w, https:\/\/dermcenter.com.br\/wp-content\/uploads\/2025\/08\/dermcenter-biopsia-1-300x225.jpg 300w, https:\/\/dermcenter.com.br\/wp-content\/uploads\/2025\/08\/dermcenter-biopsia-1-768x576.jpg 768w\" sizes=\"auto, (max-width: 800px) 100vw, 800px\" \/>\t\t\t\t\t\t\t\t\t\t\t\t\t\t\t<\/div>\n\t\t\t\t<\/div>\n\t\t\t\t<\/div>\n\t\t\t\t<\/div>\n\t\t<div class=\"elementor-element elementor-element-4dfcf4c e-con-full e-flex e-con e-child\" data-id=\"4dfcf4c\" data-element_type=\"container\">\n\t\t\t\t<div class=\"elementor-element elementor-element-d7f793b elementor-widget elementor-widget-heading\" data-id=\"d7f793b\" data-element_type=\"widget\" data-widget_type=\"heading.default\">\n\t\t\t\t<div class=\"elementor-widget-container\">\n\t\t\t\t\t<h2 class=\"elementor-heading-title elementor-size-default\">Como a Bi\u00f3psia \u00e9 Realizada?<\/h2>\t\t\t\t<\/div>\n\t\t\t\t<\/div>\n\t\t\t\t<div class=\"elementor-element elementor-element-8231c95 elementor-widget elementor-widget-text-editor\" data-id=\"8231c95\" data-element_type=\"widget\" data-widget_type=\"text-editor.default\">\n\t\t\t\t<div class=\"elementor-widget-container\">\n\t\t\t\t\t\t\t\t\t<p><span style=\"font-weight: 400;\">Existem diferentes tipos de bi\u00f3psias, que variam conforme a \u00e1rea do corpo a ser examinada e o m\u00e9todo utilizado para a coleta. Algumas das mais comuns incluem:<\/span><\/p><ul><li style=\"font-weight: 400;\" aria-level=\"1\"><b>Bi\u00f3psia por Agulha Fina<\/b><span style=\"font-weight: 400;\">: Utiliza uma agulha fina para retirar amostras de tecido ou fluido.<\/span><\/li><li style=\"font-weight: 400;\" aria-level=\"1\"><b>Bi\u00f3psia por Agulha Grossa<\/b><span style=\"font-weight: 400;\">: Utiliza uma agulha maior para retirar peda\u00e7os de tecido mais significativos.<\/span><\/li><li style=\"font-weight: 400;\" aria-level=\"1\"><b>Bi\u00f3psia Excisional<\/b><span style=\"font-weight: 400;\">: Remo\u00e7\u00e3o cir\u00fargica de toda a les\u00e3o suspeita<\/span><\/li><li style=\"font-weight: 400;\" aria-level=\"1\"><b>Bi\u00f3psia Incisional<\/b><span style=\"font-weight: 400;\">: Remo\u00e7\u00e3o de um peda\u00e7o de tecido de uma \u00e1rea maior de anormalidade.<\/span><\/li><li style=\"font-weight: 400;\" aria-level=\"1\"><b>Bi\u00f3psia Endosc\u00f3pica<\/b><span style=\"font-weight: 400;\">: Utiliza um endosc\u00f3pio para retirar amostras de \u00e1reas internas do corpo.<\/span><\/li><\/ul>\t\t\t\t\t\t\t\t<\/div>\n\t\t\t\t<\/div>\n\t\t\t\t<div class=\"elementor-element elementor-element-d525483 elementor-widget elementor-widget-heading\" data-id=\"d525483\" data-element_type=\"widget\" data-widget_type=\"heading.default\">\n\t\t\t\t<div class=\"elementor-widget-container\">\n\t\t\t\t\t<h2 class=\"elementor-heading-title elementor-size-default\">Por Que Fazer uma Bi\u00f3psia?\n<\/h2>\t\t\t\t<\/div>\n\t\t\t\t<\/div>\n\t\t\t\t<div class=\"elementor-element elementor-element-739ea46 elementor-widget elementor-widget-text-editor\" data-id=\"739ea46\" data-element_type=\"widget\" data-widget_type=\"text-editor.default\">\n\t\t\t\t<div class=\"elementor-widget-container\">\n\t\t\t\t\t\t\t\t\t<p><span style=\"font-weight: 400;\">A bi\u00f3psia \u00e9 frequentemente recomendada quando h\u00e1 suspeita de uma condi\u00e7\u00e3o m\u00e9dica que n\u00e3o pode ser diagnosticada apenas com exames de imagem ou laboratoriais de rotina. Entre as raz\u00f5es mais comuns para a realiza\u00e7\u00e3o de uma bi\u00f3psia est\u00e3o:<\/span><\/p><ul><li style=\"font-weight: 400;\" aria-level=\"1\"><b>Diagn\u00f3stico de C\u00e2ncer<\/b><span style=\"font-weight: 400;\">: Para confirmar a presen\u00e7a de c\u00e9lulas cancer\u00edgenas e determinar o tipo e a extens\u00e3o do c\u00e2ncer.<\/span><\/li><li style=\"font-weight: 400;\" aria-level=\"1\"><b>Avalia\u00e7\u00e3o de Les\u00f5es<\/b><span style=\"font-weight: 400;\">: Para analisar les\u00f5es ou massas que n\u00e3o s\u00e3o claramente benignas ou malignas.<\/span><\/li><li style=\"font-weight: 400;\" aria-level=\"1\"><b>Investiga\u00e7\u00e3o de Infec\u00e7\u00f5es<\/b><span style=\"font-weight: 400;\">: Para identificar microrganismos respons\u00e1veis por infec\u00e7\u00f5es.<\/span><\/li><li style=\"font-weight: 400;\" aria-level=\"1\"><b>Estudo de Doen\u00e7as Autoimunes<\/b><span style=\"font-weight: 400;\">: Para avaliar inflama\u00e7\u00f5es e outras altera\u00e7\u00f5es causadas pelo sistema imunol\u00f3gico.<\/span><\/li><\/ul>\t\t\t\t\t\t\t\t<\/div>\n\t\t\t\t<\/div>\n\t\t\t\t<\/div>\n\t\t\t\t\t<\/div>\n\t\t\t\t<\/div>\n\t\t\t\t<\/div>\n\t\t","protected":false},"excerpt":{"rendered":"<p>Bi\u00f3psia A bi\u00f3psia \u00e9 um procedimento m\u00e9dico no qual se coleta uma amostra de tecido ou c\u00e9lulas do corpo para ser analisada em laborat\u00f3rio. Esse exame \u00e9 amplamente utilizado para diagnosticar uma s\u00e9rie de condi\u00e7\u00f5es, incluindo c\u00e2ncer, infec\u00e7\u00f5es e outras doen\u00e7as inflamat\u00f3rias ou autoimunes. Como a Bi\u00f3psia \u00e9 Realizada? Existem diferentes tipos de bi\u00f3psias, que [&hellip;]<\/p>\n","protected":false},"author":1,"featured_media":0,"parent":636,"menu_order":0,"comment_status":"closed","ping_status":"closed","template":"elementor_canvas","meta":{"footnotes":""},"class_list":["post-1138","page","type-page","status-publish","hentry"],"_links":{"self":[{"href":"https:\/\/dermcenter.com.br\/index.php?rest_route=\/wp\/v2\/pages\/1138","targetHints":{"allow":["GET"]}}],"collection":[{"href":"https:\/\/dermcenter.com.br\/index.php?rest_route=\/wp\/v2\/pages"}],"about":[{"href":"https:\/\/dermcenter.com.br\/index.php?rest_route=\/wp\/v2\/types\/page"}],"author":[{"embeddable":true,"href":"https:\/\/dermcenter.com.br\/index.php?rest_route=\/wp\/v2\/users\/1"}],"replies":[{"embeddable":true,"href":"https:\/\/dermcenter.com.br\/index.php?rest_route=%2Fwp%2Fv2%2Fcomments&post=1138"}],"version-history":[{"count":10,"href":"https:\/\/dermcenter.com.br\/index.php?rest_route=\/wp\/v2\/pages\/1138\/revisions"}],"predecessor-version":[{"id":1924,"href":"https:\/\/dermcenter.com.br\/index.php?rest_route=\/wp\/v2\/pages\/1138\/revisions\/1924"}],"up":[{"embeddable":true,"href":"https:\/\/dermcenter.com.br\/index.php?rest_route=\/wp\/v2\/pages\/636"}],"wp:attachment":[{"href":"https:\/\/dermcenter.com.br\/index.php?rest_route=%2Fwp%2Fv2%2Fmedia&parent=1138"}],"curies":[{"name":"wp","href":"https:\/\/api.w.org\/{rel}","templated":true}]}}