{"id":1082,"date":"2025-04-10T02:11:47","date_gmt":"2025-04-10T02:11:47","guid":{"rendered":"https:\/\/dermcenter.com.br\/?page_id=1082"},"modified":"2025-04-10T19:30:07","modified_gmt":"2025-04-10T19:30:07","slug":"correcao-de-lobulo-de-orelha","status":"publish","type":"page","link":"https:\/\/dermcenter.com.br\/?page_id=1082","title":{"rendered":"Corre\u00e7\u00e3o de L\u00f3bulo de Orelha"},"content":{"rendered":"\t\t<div data-elementor-type=\"wp-page\" data-elementor-id=\"1082\" class=\"elementor elementor-1082\" data-elementor-post-type=\"page\">\n\t\t\t\t<div class=\"elementor-element elementor-element-b48d2fe e-flex e-con-boxed e-con e-parent\" data-id=\"b48d2fe\" data-element_type=\"container\">\n\t\t\t\t\t<div class=\"e-con-inner\">\n\t\t<div class=\"elementor-element elementor-element-472dc4e e-con-full e-grid e-con e-child\" data-id=\"472dc4e\" data-element_type=\"container\">\n\t\t<div class=\"elementor-element elementor-element-20f9a06 e-con-full e-flex e-con e-child\" data-id=\"20f9a06\" data-element_type=\"container\">\n\t\t\t\t<div class=\"elementor-element elementor-element-a7581d0 elementor-widget elementor-widget-heading\" data-id=\"a7581d0\" data-element_type=\"widget\" data-widget_type=\"heading.default\">\n\t\t\t\t<div class=\"elementor-widget-container\">\n\t\t\t\t\t<h1 class=\"elementor-heading-title elementor-size-default\">Corre\u00e7\u00e3o de l\u00f3bulo de orelha: O Que \u00e9 e como funciona?\n<\/h1>\t\t\t\t<\/div>\n\t\t\t\t<\/div>\n\t\t\t\t<div class=\"elementor-element elementor-element-2f28ed9 elementor-widget-divider--view-line_icon elementor-widget-divider--element-align-right elementor-view-default elementor-widget elementor-widget-divider\" data-id=\"2f28ed9\" data-element_type=\"widget\" data-widget_type=\"divider.default\">\n\t\t\t\t<div class=\"elementor-widget-container\">\n\t\t\t\t\t\t\t<div class=\"elementor-divider\">\n\t\t\t<span class=\"elementor-divider-separator\">\n\t\t\t\t\t\t\t<div class=\"elementor-icon elementor-divider__element\">\n\t\t\t\t\t<svg xmlns=\"http:\/\/www.w3.org\/2000\/svg\" id=\"Camada_2\" data-name=\"Camada 2\" viewBox=\"0 0 196.05 366.17\"><defs><style>      .cls-1 {        fill: #a1b099;        fill-rule: evenodd;        stroke-width: 0px;      }    <\/style><\/defs><g id=\"Camada_1-2\" data-name=\"Camada 1\"><path class=\"cls-1\" d=\"M80.49,61.44C45.96,53.53,20.02,33.6.87,4.16-.04,1.67-1.25-.97,3.15.35c30.52,21.59,58.05,40.78,64.59,43.19,12.64,5.83,20.43,5.75,24.57,1.21,2.28-3.28,2.23-7.47-.15-12.58-2.61-4.45-3.11-9.19-3.19-14.11,1.04-8.13,1.19-13.69,4.55-15.78,2.62-1.82,4.85-1.92,9.4-.3,12.6,3.18,21.17,11.14,24.87,24.87l.3,9.1-7.58,17.29,1.21,6.07,64.61,23.66,6.98-.91,2.73,3.03-4.85,6.07-5.76.3-54.29-13.35c-4.55-.51-4.4,1.97-4.55,3.64,33.53,82.27,4.84,131.34-5.16,178.96l-3.34,49.14-3.94,2.12-5.16-3.64-1.21-5.46,10.92-126.48-3.34-1.21-14.26,98.88c-4.11,51.37-11.91,83.95-31.24,91.3-4.68,1.94-7.13.21-5.76-3.34l20.02-72.19,8.19-31.85c3.34-30.67,3.74-62.45.61-95.54-3.41-32.31-3.16-63.53,1.52-93.42-1.92-2.98-7.18-5.41-13.95-7.58Z\"><\/path><\/g><\/svg><\/div>\n\t\t\t\t\t\t<\/span>\n\t\t<\/div>\n\t\t\t\t\t\t<\/div>\n\t\t\t\t<\/div>\n\t\t\t\t<div class=\"elementor-element elementor-element-88f1048 elementor-widget elementor-widget-text-editor\" data-id=\"88f1048\" data-element_type=\"widget\" data-widget_type=\"text-editor.default\">\n\t\t\t\t<div class=\"elementor-widget-container\">\n\t\t\t\t\t\t\t\t\t<p><span style=\"font-weight: 400;\">A corre\u00e7\u00e3o de l\u00f3bulo de orelha \u00e9 um procedimento cir\u00fargico realizado para reparar o l\u00f3bulo da orelha, que pode estar rasgado, alargado ou deformado devido ao uso de brincos pesados, alargadores, traumas ou outros fatores. Esse procedimento \u00e9 bastante procurado por quest\u00f5es est\u00e9ticas e para restaurar a funcionalidade da orelha.<\/span><\/p>\t\t\t\t\t\t\t\t<\/div>\n\t\t\t\t<\/div>\n\t\t\t\t<\/div>\n\t\t<div class=\"elementor-element elementor-element-3d8812d e-con-full e-flex e-con e-child\" data-id=\"3d8812d\" data-element_type=\"container\">\n\t\t\t\t<div class=\"elementor-element elementor-element-c220b8c elementor-widget elementor-widget-image\" data-id=\"c220b8c\" data-element_type=\"widget\" data-widget_type=\"image.default\">\n\t\t\t\t<div class=\"elementor-widget-container\">\n\t\t\t\t\t\t\t\t\t\t\t\t\t\t\t<img loading=\"lazy\" decoding=\"async\" width=\"800\" height=\"600\" src=\"https:\/\/dermcenter.com.br\/wp-content\/uploads\/2024\/07\/dermcenter-correcao-lobulo.jpg\" class=\"attachment-large size-large wp-image-646\" alt=\"\" srcset=\"https:\/\/dermcenter.com.br\/wp-content\/uploads\/2024\/07\/dermcenter-correcao-lobulo.jpg 800w, https:\/\/dermcenter.com.br\/wp-content\/uploads\/2024\/07\/dermcenter-correcao-lobulo-300x225.jpg 300w, https:\/\/dermcenter.com.br\/wp-content\/uploads\/2024\/07\/dermcenter-correcao-lobulo-768x576.jpg 768w\" sizes=\"auto, (max-width: 800px) 100vw, 800px\" \/>\t\t\t\t\t\t\t\t\t\t\t\t\t\t\t<\/div>\n\t\t\t\t<\/div>\n\t\t\t\t<\/div>\n\t\t\t\t<\/div>\n\t\t<div class=\"elementor-element elementor-element-4dfcf4c e-con-full e-flex e-con e-child\" data-id=\"4dfcf4c\" data-element_type=\"container\">\n\t\t\t\t<div class=\"elementor-element elementor-element-d7f793b elementor-widget elementor-widget-heading\" data-id=\"d7f793b\" data-element_type=\"widget\" data-widget_type=\"heading.default\">\n\t\t\t\t<div class=\"elementor-widget-container\">\n\t\t\t\t\t<h2 class=\"elementor-heading-title elementor-size-default\">Motivos para a corre\u00e7\u00e3o\n<\/h2>\t\t\t\t<\/div>\n\t\t\t\t<\/div>\n\t\t\t\t<div class=\"elementor-element elementor-element-739ea46 elementor-widget elementor-widget-text-editor\" data-id=\"739ea46\" data-element_type=\"widget\" data-widget_type=\"text-editor.default\">\n\t\t\t\t<div class=\"elementor-widget-container\">\n\t\t\t\t\t\t\t\t\t<p><span style=\"font-weight: 400;\">Existem v\u00e1rias raz\u00f5es pelas quais algu\u00e9m pode optar pela corre\u00e7\u00e3o do\u00a0<\/span>l\u00f3bulo\u00a0<span style=\"font-weight: 400;\">de orelha:<\/span><\/p><ul><li style=\"font-weight: 400;\" aria-level=\"1\"><b>Rasgaduras<\/b><span style=\"font-weight: 400;\">: Causadas por brincos pesados, pux\u00f5es acidentais ou traumas.<\/span><\/li><li style=\"font-weight: 400;\" aria-level=\"1\"><b>Alargadores<\/b><span style=\"font-weight: 400;\">: O uso prolongado de alargadores pode causar dilata\u00e7\u00e3o excessiva do l\u00f3bulo.<\/span><\/li><li style=\"font-weight: 400;\" aria-level=\"1\"><b>Deformidades Cong\u00eanitas<\/b><span style=\"font-weight: 400;\">: Algumas pessoas nascem com l\u00f3bulos de orelha que desejam corrigir por motivos est\u00e9ticos.<\/span><\/li><li style=\"font-weight: 400;\" aria-level=\"1\"><b>Envelhecimento<\/b><span style=\"font-weight: 400;\">: Com o tempo, a pele e os tecidos do l\u00f3bulo da orelha podem perder elasticidade e firmamento.<\/span><\/li><\/ul><p><span style=\"font-weight: 400;\">Em casos raros, as verrugas podem ser pretas. Outras exce\u00e7\u00f5es incluem verrugas achatadas ou lisas e as que provocam dor.<\/span><\/p>\t\t\t\t\t\t\t\t<\/div>\n\t\t\t\t<\/div>\n\t\t\t\t<div class=\"elementor-element elementor-element-cc4853f elementor-widget elementor-widget-heading\" data-id=\"cc4853f\" data-element_type=\"widget\" data-widget_type=\"heading.default\">\n\t\t\t\t<div class=\"elementor-widget-container\">\n\t\t\t\t\t<h2 class=\"elementor-heading-title elementor-size-default\">Como \u00e9 realizado o procedimento\n<\/h2>\t\t\t\t<\/div>\n\t\t\t\t<\/div>\n\t\t\t\t<div class=\"elementor-element elementor-element-a54a0ad elementor-widget elementor-widget-text-editor\" data-id=\"a54a0ad\" data-element_type=\"widget\" data-widget_type=\"text-editor.default\">\n\t\t\t\t<div class=\"elementor-widget-container\">\n\t\t\t\t\t\t\t\t\t<p><span style=\"font-weight: 400;\">A corre\u00e7\u00e3o de\u00a0<\/span>l\u00f3bulo\u00a0<span style=\"font-weight: 400;\">de orelha \u00e9 um procedimento geralmente realizado sob anestesia local. Pode ser feito cirurgicamente ou por cauteriza\u00e7\u00e3o qu\u00edmica nos casos mais leves<\/span><\/p>\t\t\t\t\t\t\t\t<\/div>\n\t\t\t\t<\/div>\n\t\t\t\t<div class=\"elementor-element elementor-element-0ab9283 elementor-widget elementor-widget-heading\" data-id=\"0ab9283\" data-element_type=\"widget\" data-widget_type=\"heading.default\">\n\t\t\t\t<div class=\"elementor-widget-container\">\n\t\t\t\t\t<h2 class=\"elementor-heading-title elementor-size-default\">Resultados e benef\u00edcios\n<\/h2>\t\t\t\t<\/div>\n\t\t\t\t<\/div>\n\t\t\t\t<div class=\"elementor-element elementor-element-612528f elementor-widget elementor-widget-text-editor\" data-id=\"612528f\" data-element_type=\"widget\" data-widget_type=\"text-editor.default\">\n\t\t\t\t<div class=\"elementor-widget-container\">\n\t\t\t\t\t\t\t\t\t<p><span style=\"font-weight: 400;\">A corre\u00e7\u00e3o de&nbsp;<\/span>l\u00f3bulo&nbsp;<span style=\"font-weight: 400;\">de orelha oferece diversos benef\u00edcios, como:<\/span><\/p>\n<ul>\n<li style=\"font-weight: 400;\" aria-level=\"1\"><b>Apar\u00eancia Est\u00e9tica Melhorada<\/b><span style=\"font-weight: 400;\">: Restaura\u00e7\u00e3o da forma e apar\u00eancia natural do l\u00f3bulo.<\/span><\/li>\n<li style=\"font-weight: 400;\" aria-level=\"1\"><b>Funcionalidade Restaurada<\/b><span style=\"font-weight: 400;\">: Permite o uso de brincos novamente.<\/span><\/li>\n<li style=\"font-weight: 400;\" aria-level=\"1\"><b>Aumento da Autoconfian\u00e7a<\/b><span style=\"font-weight: 400;\">: Melhora a autoestima do paciente ao corrigir uma deformidade vis\u00edvel.<\/span><\/li>\n<\/ul>\t\t\t\t\t\t\t\t<\/div>\n\t\t\t\t<\/div>\n\t\t\t\t<\/div>\n\t\t\t\t\t<\/div>\n\t\t\t\t<\/div>\n\t\t\t\t<\/div>\n\t\t","protected":false},"excerpt":{"rendered":"<p>Corre\u00e7\u00e3o de l\u00f3bulo de orelha: O Que \u00e9 e como funciona? A corre\u00e7\u00e3o de l\u00f3bulo de orelha \u00e9 um procedimento cir\u00fargico realizado para reparar o l\u00f3bulo da orelha, que pode estar rasgado, alargado ou deformado devido ao uso de brincos pesados, alargadores, traumas ou outros fatores. Esse procedimento \u00e9 bastante procurado por quest\u00f5es est\u00e9ticas e [&hellip;]<\/p>\n","protected":false},"author":1,"featured_media":0,"parent":636,"menu_order":0,"comment_status":"closed","ping_status":"closed","template":"elementor_canvas","meta":{"footnotes":""},"class_list":["post-1082","page","type-page","status-publish","hentry"],"_links":{"self":[{"href":"https:\/\/dermcenter.com.br\/index.php?rest_route=\/wp\/v2\/pages\/1082","targetHints":{"allow":["GET"]}}],"collection":[{"href":"https:\/\/dermcenter.com.br\/index.php?rest_route=\/wp\/v2\/pages"}],"about":[{"href":"https:\/\/dermcenter.com.br\/index.php?rest_route=\/wp\/v2\/types\/page"}],"author":[{"embeddable":true,"href":"https:\/\/dermcenter.com.br\/index.php?rest_route=\/wp\/v2\/users\/1"}],"replies":[{"embeddable":true,"href":"https:\/\/dermcenter.com.br\/index.php?rest_route=%2Fwp%2Fv2%2Fcomments&post=1082"}],"version-history":[{"count":10,"href":"https:\/\/dermcenter.com.br\/index.php?rest_route=\/wp\/v2\/pages\/1082\/revisions"}],"predecessor-version":[{"id":1116,"href":"https:\/\/dermcenter.com.br\/index.php?rest_route=\/wp\/v2\/pages\/1082\/revisions\/1116"}],"up":[{"embeddable":true,"href":"https:\/\/dermcenter.com.br\/index.php?rest_route=\/wp\/v2\/pages\/636"}],"wp:attachment":[{"href":"https:\/\/dermcenter.com.br\/index.php?rest_route=%2Fwp%2Fv2%2Fmedia&parent=1082"}],"curies":[{"name":"wp","href":"https:\/\/api.w.org\/{rel}","templated":true}]}}