{"id":1003,"date":"2025-04-09T18:55:22","date_gmt":"2025-04-09T18:55:22","guid":{"rendered":"https:\/\/dermcenter.com.br\/?page_id=1003"},"modified":"2025-08-27T19:02:46","modified_gmt":"2025-08-27T19:02:46","slug":"cancer-de-pele","status":"publish","type":"page","link":"https:\/\/dermcenter.com.br\/?page_id=1003","title":{"rendered":"C\u00e2ncer de pele"},"content":{"rendered":"\t\t<div data-elementor-type=\"wp-page\" data-elementor-id=\"1003\" class=\"elementor elementor-1003\" data-elementor-post-type=\"page\">\n\t\t\t\t<div class=\"elementor-element elementor-element-b48d2fe e-flex e-con-boxed e-con e-parent\" data-id=\"b48d2fe\" data-element_type=\"container\">\n\t\t\t\t\t<div class=\"e-con-inner\">\n\t\t<div class=\"elementor-element elementor-element-472dc4e e-con-full e-grid e-con e-child\" data-id=\"472dc4e\" data-element_type=\"container\">\n\t\t<div class=\"elementor-element elementor-element-20f9a06 e-con-full e-flex e-con e-child\" data-id=\"20f9a06\" data-element_type=\"container\">\n\t\t\t\t<div class=\"elementor-element elementor-element-a7581d0 elementor-widget elementor-widget-heading\" data-id=\"a7581d0\" data-element_type=\"widget\" data-widget_type=\"heading.default\">\n\t\t\t\t<div class=\"elementor-widget-container\">\n\t\t\t\t\t<h1 class=\"elementor-heading-title elementor-size-default\">C\u00e2ncer de pele<\/h1>\t\t\t\t<\/div>\n\t\t\t\t<\/div>\n\t\t\t\t<div class=\"elementor-element elementor-element-2f28ed9 elementor-widget-divider--view-line_icon elementor-widget-divider--element-align-right elementor-view-default elementor-widget elementor-widget-divider\" data-id=\"2f28ed9\" data-element_type=\"widget\" data-widget_type=\"divider.default\">\n\t\t\t\t<div class=\"elementor-widget-container\">\n\t\t\t\t\t\t\t<div class=\"elementor-divider\">\n\t\t\t<span class=\"elementor-divider-separator\">\n\t\t\t\t\t\t\t<div class=\"elementor-icon elementor-divider__element\">\n\t\t\t\t\t<svg xmlns=\"http:\/\/www.w3.org\/2000\/svg\" id=\"Camada_2\" data-name=\"Camada 2\" viewBox=\"0 0 196.05 366.17\"><defs><style>      .cls-1 {        fill: #a1b099;        fill-rule: evenodd;        stroke-width: 0px;      }    <\/style><\/defs><g id=\"Camada_1-2\" data-name=\"Camada 1\"><path class=\"cls-1\" d=\"M80.49,61.44C45.96,53.53,20.02,33.6.87,4.16-.04,1.67-1.25-.97,3.15.35c30.52,21.59,58.05,40.78,64.59,43.19,12.64,5.83,20.43,5.75,24.57,1.21,2.28-3.28,2.23-7.47-.15-12.58-2.61-4.45-3.11-9.19-3.19-14.11,1.04-8.13,1.19-13.69,4.55-15.78,2.62-1.82,4.85-1.92,9.4-.3,12.6,3.18,21.17,11.14,24.87,24.87l.3,9.1-7.58,17.29,1.21,6.07,64.61,23.66,6.98-.91,2.73,3.03-4.85,6.07-5.76.3-54.29-13.35c-4.55-.51-4.4,1.97-4.55,3.64,33.53,82.27,4.84,131.34-5.16,178.96l-3.34,49.14-3.94,2.12-5.16-3.64-1.21-5.46,10.92-126.48-3.34-1.21-14.26,98.88c-4.11,51.37-11.91,83.95-31.24,91.3-4.68,1.94-7.13.21-5.76-3.34l20.02-72.19,8.19-31.85c3.34-30.67,3.74-62.45.61-95.54-3.41-32.31-3.16-63.53,1.52-93.42-1.92-2.98-7.18-5.41-13.95-7.58Z\"><\/path><\/g><\/svg><\/div>\n\t\t\t\t\t\t<\/span>\n\t\t<\/div>\n\t\t\t\t\t\t<\/div>\n\t\t\t\t<\/div>\n\t\t\t\t<div class=\"elementor-element elementor-element-88f1048 elementor-widget elementor-widget-text-editor\" data-id=\"88f1048\" data-element_type=\"widget\" data-widget_type=\"text-editor.default\">\n\t\t\t\t<div class=\"elementor-widget-container\">\n\t\t\t\t\t\t\t\t\t<p>O c\u00e2ncer de pele \u00e9 o tipo de c\u00e2ncer mais comum no Brasil, representando cerca de 30% de todos os tumores malignos diagnosticados no pa\u00eds, segundo dados do Instituto Nacional de C\u00e2ncer (INCA). A doen\u00e7a se caracteriza pelo crescimento anormal e descontrolado das c\u00e9lulas da pele, que podem se multiplicar e se espalhar para outras partes do corpo, podendo causar met\u00e1stase nos casos mais graves.<\/p>\t\t\t\t\t\t\t\t<\/div>\n\t\t\t\t<\/div>\n\t\t\t\t<\/div>\n\t\t<div class=\"elementor-element elementor-element-3d8812d e-con-full e-flex e-con e-child\" data-id=\"3d8812d\" data-element_type=\"container\">\n\t\t\t\t<div class=\"elementor-element elementor-element-c220b8c elementor-widget elementor-widget-image\" data-id=\"c220b8c\" data-element_type=\"widget\" data-widget_type=\"image.default\">\n\t\t\t\t<div class=\"elementor-widget-container\">\n\t\t\t\t\t\t\t\t\t\t\t\t\t\t\t<img loading=\"lazy\" decoding=\"async\" width=\"800\" height=\"600\" src=\"https:\/\/dermcenter.com.br\/wp-content\/uploads\/2025\/08\/dermcenter-cancer-de-pele-1.jpg\" class=\"attachment-full size-full wp-image-1909\" alt=\"\" srcset=\"https:\/\/dermcenter.com.br\/wp-content\/uploads\/2025\/08\/dermcenter-cancer-de-pele-1.jpg 800w, https:\/\/dermcenter.com.br\/wp-content\/uploads\/2025\/08\/dermcenter-cancer-de-pele-1-300x225.jpg 300w, https:\/\/dermcenter.com.br\/wp-content\/uploads\/2025\/08\/dermcenter-cancer-de-pele-1-768x576.jpg 768w\" sizes=\"auto, (max-width: 800px) 100vw, 800px\" \/>\t\t\t\t\t\t\t\t\t\t\t\t\t\t\t<\/div>\n\t\t\t\t<\/div>\n\t\t\t\t<\/div>\n\t\t\t\t<\/div>\n\t\t<div class=\"elementor-element elementor-element-4dfcf4c e-con-full e-flex e-con e-child\" data-id=\"4dfcf4c\" data-element_type=\"container\">\n\t\t\t\t<div class=\"elementor-element elementor-element-d7f793b elementor-widget elementor-widget-heading\" data-id=\"d7f793b\" data-element_type=\"widget\" data-widget_type=\"heading.default\">\n\t\t\t\t<div class=\"elementor-widget-container\">\n\t\t\t\t\t<h2 class=\"elementor-heading-title elementor-size-default\">Existem tr\u00eas tipos principais de c\u00e2ncer de pele:<\/h2>\t\t\t\t<\/div>\n\t\t\t\t<\/div>\n\t\t\t\t<div class=\"elementor-element elementor-element-8231c95 elementor-widget elementor-widget-text-editor\" data-id=\"8231c95\" data-element_type=\"widget\" data-widget_type=\"text-editor.default\">\n\t\t\t\t<div class=\"elementor-widget-container\">\n\t\t\t\t\t\t\t\t\t<ul><li style=\"font-weight: 400;\" aria-level=\"1\"><b>Carcinoma basocelular (CBC)<\/b><span style=\"font-weight: 400;\">: \u00c9 o tipo mais comum de c\u00e2ncer de pele, representando cerca de 70% dos casos. Geralmente surge em \u00e1reas expostas ao sol, como rosto, pesco\u00e7o e couro cabeludo, e se manifesta como uma les\u00e3o avermelhada, brilhante ou com crostas, que pode sangrar ou n\u00e3o cicatrizar.<\/span><\/li><li style=\"font-weight: 400;\" aria-level=\"1\"><b>Carcinoma de c\u00e9lulas escamosas (CCE)<\/b><span style=\"font-weight: 400;\">: \u00c9 o segundo tipo mais comum de c\u00e2ncer de pele, representando cerca de 20% dos casos. Tamb\u00e9m surge em \u00e1reas expostas ao sol e se manifesta como uma les\u00e3o \u00e1spera, avermelhada ou com crostas, que pode doer ou co\u00e7ar.<\/span><\/li><li style=\"font-weight: 400;\" aria-level=\"1\"><b>Melanoma<\/b><span style=\"font-weight: 400;\">: \u00c9 o tipo mais grave de c\u00e2ncer de pele, representando cerca de 10% dos casos. Pode surgir em qualquer parte do corpo, inclusive em \u00e1reas n\u00e3o expostas ao sol, e se manifesta como uma pinta escura que muda de tamanho, forma ou cor, ou que sangra ou co\u00e7a.<\/span><\/li><\/ul><p><span style=\"font-weight: 400;\">Causas do c\u00e2ncer de pele: exposi\u00e7\u00e3o solar, gen\u00e9tica e outros fatores<\/span><\/p><p><span style=\"font-weight: 400;\">A principal causa do c\u00e2ncer de pele \u00e9 a exposi\u00e7\u00e3o excessiva aos raios ultravioleta (UV) do sol, que danificam o DNA das c\u00e9lulas da pele. Outros fatores que podem aumentar o risco de c\u00e2ncer de pele incluem:<\/span><\/p><ul><li style=\"font-weight: 400;\" aria-level=\"1\"><b>Hist\u00f3rico familiar de c\u00e2ncer de pele<\/b><span style=\"font-weight: 400;\">: Pessoas com parentes de primeiro grau que tiveram c\u00e2ncer de pele t\u00eam maior risco de desenvolver a doen\u00e7a.<\/span><\/li><li style=\"font-weight: 400;\" aria-level=\"1\"><b>Pele clara<\/b><span style=\"font-weight: 400;\">: Pessoas com pele clara, cabelos claros e olhos claros t\u00eam maior risco de se queimarem ao sol, o que aumenta o risco de c\u00e2ncer de pele.<\/span><\/li><li style=\"font-weight: 400;\" aria-level=\"1\"><b>Idade<\/b><span style=\"font-weight: 400;\">: O risco de c\u00e2ncer de pele aumenta com a idade.<\/span><\/li><li style=\"font-weight: 400;\" aria-level=\"1\"><b>Sistema imunol\u00f3gico enfraquecido<\/b><span style=\"font-weight: 400;\">: Pessoas com doen\u00e7as autoimunes, HIV\/AIDS ou que fazem uso de medicamentos imunossupressores t\u00eam maior risco de c\u00e2ncer de pele.<\/span><\/li><li style=\"font-weight: 400;\" aria-level=\"1\"><b>Exposi\u00e7\u00e3o a subst\u00e2ncias qu\u00edmicas<\/b><span style=\"font-weight: 400;\">: Algumas subst\u00e2ncias qu\u00edmicas, como ars\u00eanio e hidrocarbonetos arom\u00e1ticos, podem aumentar o risco de c\u00e2ncer de pele.<\/span><\/li><\/ul><p><span style=\"font-weight: 400;\">Sintomas do c\u00e2ncer de pele: fique atento aos sinais<\/span><\/p><p><span style=\"font-weight: 400;\">Os sintomas do c\u00e2ncer de pele variam de acordo com o tipo e o est\u00e1gio da doen\u00e7a. No entanto, alguns sinais podem indicar a presen\u00e7a de c\u00e2ncer de pele, como:<\/span><\/p><ul><li style=\"font-weight: 400;\" aria-level=\"1\"><b>Les\u00f5es na pele que n\u00e3o cicatrizam<\/b><span style=\"font-weight: 400;\">: Feridas, crostas ou manchas que n\u00e3o cicatrizam em algumas semanas podem ser um sinal de c\u00e2ncer de pele.<\/span><\/li><li style=\"font-weight: 400;\" aria-level=\"1\"><b>Mudan\u00e7as em pintas<\/b><span style=\"font-weight: 400;\">: Pintas que mudam de tamanho, forma, cor ou que sangram ou co\u00e7am podem ser um sinal de melanoma.<\/span><\/li><li style=\"font-weight: 400;\" aria-level=\"1\"><b>Les\u00f5es novas na pele<\/b><span style=\"font-weight: 400;\">: Manchas, n\u00f3dulos ou placas que surgem na pele e n\u00e3o desaparecem podem ser um sinal de c\u00e2ncer de pele.<\/span><\/li><\/ul><p><span style=\"font-weight: 400;\">Tratamento do c\u00e2ncer de pele: diagn\u00f3stico precoce aumenta as chances de cura<\/span><\/p><p><span style=\"font-weight: 400;\">O tratamento do c\u00e2ncer de pele depende do tipo, do est\u00e1gio e da localiza\u00e7\u00e3o da doen\u00e7a. As op\u00e7\u00f5es de tratamento incluem:<\/span><\/p><ul><li style=\"font-weight: 400;\" aria-level=\"1\"><b>Cirurgia<\/b><span style=\"font-weight: 400;\">: \u00c9 o tratamento mais comum para o c\u00e2ncer de pele e consiste na remo\u00e7\u00e3o da les\u00e3o cancerosa.<\/span><\/li><li style=\"font-weight: 400;\" aria-level=\"1\"><b>Radioterapia<\/b><span style=\"font-weight: 400;\">: Utiliza radia\u00e7\u00e3o para destruir as c\u00e9lulas cancerosas.<\/span><\/li><li style=\"font-weight: 400;\" aria-level=\"1\"><b>Quimioterapia<\/b><span style=\"font-weight: 400;\">: Utiliza medicamentos para destruir as c\u00e9lulas cancerosas.<\/span><\/li><li style=\"font-weight: 400;\" aria-level=\"1\"><b>Terapia fotodin\u00e2mica<\/b><span style=\"font-weight: 400;\">: Utiliza um medicamento fotossensibilizador e luz para destruir as c\u00e9lulas cancerosas.<\/span><\/li><li style=\"font-weight: 400;\" aria-level=\"1\"><b>Imunoterapia<\/b><span style=\"font-weight: 400;\">: Estimula o sistema imunol\u00f3gico a combater as c\u00e9lulas cancerosas.<\/span><\/li><\/ul><p><span style=\"font-weight: 400;\">Preven\u00e7\u00e3o do c\u00e2ncer de pele: proteja-se do sol e adote h\u00e1bitos saud\u00e1veis<\/span><\/p><p><span style=\"font-weight: 400;\">A melhor forma de prevenir o c\u00e2ncer de pele \u00e9 evitar a exposi\u00e7\u00e3o excessiva aos raios UV do sol. Algumas medidas preventivas incluem:<\/span><\/p><ul><li style=\"font-weight: 400;\" aria-level=\"1\"><b>Use protetor solar diariamente<\/b><span style=\"font-weight: 400;\">: Aplique protetor solar com FPS de no m\u00ednimo 30 em todas as \u00e1reas expostas ao sol, mesmo em dias nublados.<\/span><\/li><li style=\"font-weight: 400;\" aria-level=\"1\"><b>Evite o sol forte<\/b><span style=\"font-weight: 400;\">: Evite se expor ao sol entre 10h e 16h, quando a radia\u00e7\u00e3o UV \u00e9 mais intensa.<\/span><\/li><li style=\"font-weight: 400;\" aria-level=\"1\"><b>Use roupas de prote\u00e7\u00e3o<\/b><span style=\"font-weight: 400;\">: Use chap\u00e9u, \u00f3culos de sol e roupas que cubram a pele exposta ao sol.<\/span><\/li><li style=\"font-weight: 400;\" aria-level=\"1\"><b>Fa\u00e7a autoexame da pele<\/b><span style=\"font-weight: 400;\">: Examine sua pele regularmente \u00e0 procura de les\u00f5es novas ou mudan\u00e7as em pintas existentes.<\/span><\/li><li style=\"font-weight: 400;\" aria-level=\"1\"><b>Consulte um dermatologista regularmente<\/b><span style=\"font-weight: 400;\">: Fa\u00e7a consultas anuais com um dermatologista para avaliar sua pele e identificar precocemente qualquer sinal de c\u00e2ncer de pele.<\/span><\/li><\/ul><p><span style=\"font-weight: 400;\">Lembre-se: O c\u00e2ncer de pele tem cura, principalmente quando diagnosticado precocemente. Ao se proteger do sol e adotar h\u00e1bitos saud\u00e1veis, voc\u00ea pode reduzir significativamente o risco de desenvolver a doen\u00e7a.<\/span><\/p>\t\t\t\t\t\t\t\t<\/div>\n\t\t\t\t<\/div>\n\t\t\t\t<\/div>\n\t\t\t\t\t<\/div>\n\t\t\t\t<\/div>\n\t\t\t\t<\/div>\n\t\t","protected":false},"excerpt":{"rendered":"<p>C\u00e2ncer de pele O c\u00e2ncer de pele \u00e9 o tipo de c\u00e2ncer mais comum no Brasil, representando cerca de 30% de todos os tumores malignos diagnosticados no pa\u00eds, segundo dados do Instituto Nacional de C\u00e2ncer (INCA). A doen\u00e7a se caracteriza pelo crescimento anormal e descontrolado das c\u00e9lulas da pele, que podem se multiplicar e se [&hellip;]<\/p>\n","protected":false},"author":1,"featured_media":0,"parent":636,"menu_order":0,"comment_status":"closed","ping_status":"closed","template":"elementor_canvas","meta":{"footnotes":""},"class_list":["post-1003","page","type-page","status-publish","hentry"],"_links":{"self":[{"href":"https:\/\/dermcenter.com.br\/index.php?rest_route=\/wp\/v2\/pages\/1003","targetHints":{"allow":["GET"]}}],"collection":[{"href":"https:\/\/dermcenter.com.br\/index.php?rest_route=\/wp\/v2\/pages"}],"about":[{"href":"https:\/\/dermcenter.com.br\/index.php?rest_route=\/wp\/v2\/types\/page"}],"author":[{"embeddable":true,"href":"https:\/\/dermcenter.com.br\/index.php?rest_route=\/wp\/v2\/users\/1"}],"replies":[{"embeddable":true,"href":"https:\/\/dermcenter.com.br\/index.php?rest_route=%2Fwp%2Fv2%2Fcomments&post=1003"}],"version-history":[{"count":22,"href":"https:\/\/dermcenter.com.br\/index.php?rest_route=\/wp\/v2\/pages\/1003\/revisions"}],"predecessor-version":[{"id":1921,"href":"https:\/\/dermcenter.com.br\/index.php?rest_route=\/wp\/v2\/pages\/1003\/revisions\/1921"}],"up":[{"embeddable":true,"href":"https:\/\/dermcenter.com.br\/index.php?rest_route=\/wp\/v2\/pages\/636"}],"wp:attachment":[{"href":"https:\/\/dermcenter.com.br\/index.php?rest_route=%2Fwp%2Fv2%2Fmedia&parent=1003"}],"curies":[{"name":"wp","href":"https:\/\/api.w.org\/{rel}","templated":true}]}}